Last updated on 2025-10-24 04:51:01 CEST.
| Flavor | Version | Tinstall | Tcheck | Ttotal | Status | Flags |
|---|---|---|---|---|---|---|
| r-devel-linux-x86_64-debian-clang | 1.0.1 | 2.07 | 26.62 | 28.69 | NOTE | |
| r-devel-linux-x86_64-debian-gcc | 1.0.1 | 1.57 | 20.89 | 22.46 | NOTE | |
| r-devel-linux-x86_64-fedora-clang | 1.0.1 | 42.58 | OK | |||
| r-devel-linux-x86_64-fedora-gcc | 1.0.1 | 40.53 | OK | |||
| r-devel-windows-x86_64 | 1.0.1 | 5.00 | 45.00 | 50.00 | OK | |
| r-patched-linux-x86_64 | 1.0.1 | 2.28 | 25.04 | 27.32 | OK | |
| r-release-linux-x86_64 | 1.0.1 | 1.78 | 25.06 | 26.84 | OK | |
| r-release-macos-arm64 | 1.0.1 | 1.00 | 17.00 | 18.00 | OK | |
| r-release-macos-x86_64 | 1.0.1 | 2.00 | 26.00 | 28.00 | OK | |
| r-release-windows-x86_64 | 1.0.1 | 3.00 | 47.00 | 50.00 | OK | |
| r-oldrel-macos-arm64 | 1.0.1 | 1.00 | 16.00 | 17.00 | OK | |
| r-oldrel-macos-x86_64 | 1.0.1 | 2.00 | 20.00 | 22.00 | OK | |
| r-oldrel-windows-x86_64 | 1.0.1 | 4.00 | 51.00 | 55.00 | OK |
Version: 1.0.1
Check: CRAN incoming feasibility
Result: NOTE
Maintainer: ‘Zardad Khan <zardadkhan@awkum.edu.pk>’
No Authors@R field in DESCRIPTION.
Please add one, modifying
Authors@R: c(person(given = "Zardad",
family = "Khan",
role = c("aut", "cre"),
email = "zardadkhan@awkum.edu.pk"),
person(given = "Asma",
family = "Gul",
role = "aut"),
person(given = "Aris",
family = "Perperoglou",
role = "aut"),
person(given = "Osama",
family = "Mahmoud",
role = "aut"),
person(given = "Werner",
family = "Adler",
role = "aut"),
person(family = "Miftahuddin",
role = "aut"),
person(given = "Berthold",
family = "Lausen",
role = "aut"))
as necessary.
Flavors: r-devel-linux-x86_64-debian-clang, r-devel-linux-x86_64-debian-gcc