Last updated on 2025-10-22 05:51:19 CEST.
Flavor | Version | Tinstall | Tcheck | Ttotal | Status | Flags |
---|---|---|---|---|---|---|
r-devel-linux-x86_64-debian-clang | 1.0.2 | 6.32 | 70.74 | 77.06 | OK | |
r-devel-linux-x86_64-debian-gcc | 1.0.2 | 4.34 | 51.26 | 55.60 | OK | |
r-devel-linux-x86_64-fedora-clang | 1.0.2 | 36.00 | 89.64 | 125.64 | NOTE | |
r-devel-linux-x86_64-fedora-gcc | 1.0.2 | 14.00 | 112.54 | 126.54 | NOTE | |
r-devel-windows-x86_64 | 1.0.2 | 8.00 | 78.00 | 86.00 | OK | |
r-patched-linux-x86_64 | 1.0.2 | 5.60 | 65.89 | 71.49 | OK | |
r-release-linux-x86_64 | 1.0.2 | 5.46 | 66.57 | 72.03 | OK | |
r-release-macos-arm64 | 1.0.2 | 2.00 | 36.00 | 38.00 | OK | |
r-release-macos-x86_64 | 1.0.2 | 3.00 | 62.00 | 65.00 | OK | |
r-release-windows-x86_64 | 1.0.2 | 8.00 | 80.00 | 88.00 | OK | |
r-oldrel-macos-arm64 | 1.0.2 | 2.00 | 37.00 | 39.00 | OK | |
r-oldrel-macos-x86_64 | 1.0.2 | 5.00 | 57.00 | 62.00 | OK | |
r-oldrel-windows-x86_64 | 1.0.2 | 11.00 | 99.00 | 110.00 | OK |
Version: 1.0.2
Check: dependencies in R code
Result: NOTE
Namespaces in Imports field not imported from:
‘caret’ ‘e1071’ ‘ggthemes’ ‘mlbench’ ‘rmarkdown’ ‘tidymodels’
All declared Imports should be used.
Flavors: r-devel-linux-x86_64-fedora-clang, r-devel-linux-x86_64-fedora-gcc