Last updated on 2025-10-22 05:51:19 CEST.
Flavor | Version | Tinstall | Tcheck | Ttotal | Status | Flags |
---|---|---|---|---|---|---|
r-devel-linux-x86_64-debian-clang | 0.9-3 | 219.38 | 289.07 | 508.45 | NOTE | |
r-devel-linux-x86_64-debian-gcc | 0.9-3 | 181.35 | 213.61 | 394.96 | NOTE | |
r-devel-linux-x86_64-fedora-clang | 0.9-3 | 960.00 | -131.06 | 828.94 | OK | |
r-devel-linux-x86_64-fedora-gcc | 0.9-3 | 325.00 | 530.93 | 855.93 | OK | |
r-devel-windows-x86_64 | 0.9-3 | 217.00 | 299.00 | 516.00 | OK | |
r-patched-linux-x86_64 | 0.9-3 | 233.88 | 295.34 | 529.22 | OK | |
r-release-linux-x86_64 | 0.9-3 | 231.27 | 293.61 | 524.88 | OK | |
r-release-macos-arm64 | 0.9-3 | 79.00 | 70.00 | 149.00 | OK | |
r-release-macos-x86_64 | 0.9-3 | 82.00 | 120.00 | 202.00 | OK | |
r-release-windows-x86_64 | 0.9-3 | 213.00 | 304.00 | 517.00 | OK | |
r-oldrel-macos-arm64 | 0.9-3 | 86.00 | 107.00 | 193.00 | NOTE | |
r-oldrel-macos-x86_64 | 0.9-3 | 206.00 | 160.00 | 366.00 | NOTE | |
r-oldrel-windows-x86_64 | 0.9-3 | 253.00 | 411.00 | 664.00 | NOTE |
Version: 0.9-3
Check: HTML version of manual
Result: NOTE
Found the following HTML validation problems:
dot-label_index.html:57:1 (dot-label_index.Rd:16): Warning: missing </ul> before </div>
dot-validate_group_stratum_nesting.html:52:1 (dot-validate_group_stratum_nesting.Rd:13): Warning: missing </ul> before </div>
Flavors: r-devel-linux-x86_64-debian-clang, r-devel-linux-x86_64-debian-gcc
Version: 0.9-3
Check: package dependencies
Result: NOTE
Package suggested but not available for checking: ‘cmdstanr’
Flavors: r-oldrel-macos-arm64, r-oldrel-macos-x86_64, r-oldrel-windows-x86_64
Version: 0.9-3
Check: installed package size
Result: NOTE
installed size is 62.9Mb
sub-directories of 1Mb or more:
libs 61.5Mb
Flavors: r-oldrel-macos-arm64, r-oldrel-macos-x86_64
Version: 0.9-3
Check: for GNU extensions in Makefiles
Result: NOTE
GNU make is a SystemRequirements.
Flavors: r-oldrel-macos-arm64, r-oldrel-macos-x86_64, r-oldrel-windows-x86_64