Last updated on 2025-10-22 05:51:19 CEST.
Flavor | Version | Tinstall | Tcheck | Ttotal | Status | Flags |
---|---|---|---|---|---|---|
r-devel-linux-x86_64-debian-clang | 0.0.1 | 4.07 | 62.56 | 66.63 | NOTE | |
r-devel-linux-x86_64-debian-gcc | 0.0.1 | 3.46 | 50.01 | 53.47 | NOTE | |
r-devel-linux-x86_64-fedora-clang | 0.0.1 | 24.00 | 85.83 | 109.83 | NOTE | |
r-devel-linux-x86_64-fedora-gcc | 0.0.1 | 11.00 | 106.38 | 117.38 | NOTE | |
r-devel-windows-x86_64 | 0.0.1 | 5.00 | 130.00 | 135.00 | NOTE | |
r-patched-linux-x86_64 | 0.0.1 | 4.73 | 59.45 | 64.18 | NOTE | |
r-release-linux-x86_64 | 0.0.1 | 4.55 | 60.16 | 64.71 | NOTE | |
r-release-macos-arm64 | 0.0.1 | 3.00 | 108.00 | 111.00 | NOTE | |
r-release-macos-x86_64 | 0.0.1 | 4.00 | 131.00 | 135.00 | NOTE | |
r-release-windows-x86_64 | 0.0.1 | 6.00 | 133.00 | 139.00 | NOTE | |
r-oldrel-macos-arm64 | 0.0.1 | 2.00 | 102.00 | 104.00 | OK | |
r-oldrel-macos-x86_64 | 0.0.1 | 3.00 | 133.00 | 136.00 | OK | |
r-oldrel-windows-x86_64 | 0.0.1 | 9.00 | 149.00 | 158.00 | OK |
Version: 0.0.1
Check: DESCRIPTION meta-information
Result: NOTE
Missing dependency on R >= 4.1.0 because package code uses the pipe
|> or function shorthand \(...) syntax added in R 4.1.0.
File(s) using such syntax:
‘OpenRange_api_load_species.Rd’ ‘OpenRange_api_species.Rd’
‘OpenRange_load_species.Rd’ ‘OpenRange_sf.R’ ‘OpenRange_species.Rd’
Flavors: r-devel-linux-x86_64-debian-clang, r-devel-linux-x86_64-debian-gcc, r-devel-linux-x86_64-fedora-clang, r-devel-linux-x86_64-fedora-gcc, r-devel-windows-x86_64, r-patched-linux-x86_64, r-release-linux-x86_64, r-release-macos-arm64, r-release-macos-x86_64, r-release-windows-x86_64