Last updated on 2025-10-22 05:51:19 CEST.
Flavor | Version | Tinstall | Tcheck | Ttotal | Status | Flags |
---|---|---|---|---|---|---|
r-devel-linux-x86_64-debian-clang | 0.6.2 | 6.43 | 78.24 | 84.67 | NOTE | |
r-devel-linux-x86_64-debian-gcc | 0.6.2 | 5.27 | 56.84 | 62.11 | NOTE | |
r-devel-linux-x86_64-fedora-clang | 0.6.2 | 40.00 | 98.51 | 138.51 | OK | |
r-devel-linux-x86_64-fedora-gcc | 0.6.2 | 21.00 | 102.00 | 123.00 | OK | |
r-devel-windows-x86_64 | 0.6.2 | 10.00 | 88.00 | 98.00 | OK | |
r-patched-linux-x86_64 | 0.6.2 | 7.18 | 74.78 | 81.96 | OK | |
r-release-linux-x86_64 | 0.6.2 | 6.77 | 74.19 | 80.96 | OK | |
r-release-macos-arm64 | 0.6.2 | 4.00 | 35.00 | 39.00 | OK | |
r-release-macos-x86_64 | 0.6.2 | 9.00 | 77.00 | 86.00 | OK | |
r-release-windows-x86_64 | 0.6.2 | 10.00 | 91.00 | 101.00 | OK | |
r-oldrel-macos-arm64 | 0.6.2 | 4.00 | 36.00 | 40.00 | OK | |
r-oldrel-macos-x86_64 | 0.6.2 | 5.00 | 50.00 | 55.00 | OK | |
r-oldrel-windows-x86_64 | 0.6.2 | 13.00 | 110.00 | 123.00 | OK |
Version: 0.6.2
Check: HTML version of manual
Result: NOTE
Found the following HTML validation problems:
calculate_similarity.html:54:1 (calculate_similarity.Rd:14): Warning: missing </ul> before </div>
check_excel_input.html:46:1 (check_excel_input.Rd:10): Warning: missing </ul> before </div>
check_excel_input_test.html:46:1 (check_excel_input_test.Rd:10): Warning: missing </ul> before </div>
count_matches.html:50:1 (count_matches.Rd:12): Warning: missing </ul> before </div>
dt_default.html:50:1 (dt_default.Rd:12): Warning: missing </ul> before </div>
emptify_object.html:46:1 (emptify_object.Rd:10): Warning: missing </ul> before </div>
make-names.html:48:1 (make-names.Rd:13): Warning: missing </ul> before </div>
network_graph_images.html:130:1 (network_graph_images.Rd:65): Warning: missing </ul> before </div>
Flavors: r-devel-linux-x86_64-debian-clang, r-devel-linux-x86_64-debian-gcc