Last updated on 2025-10-22 05:51:20 CEST.
Flavor | Version | Tinstall | Tcheck | Ttotal | Status | Flags |
---|---|---|---|---|---|---|
r-devel-linux-x86_64-debian-clang | 1.0.2.1 | 9.57 | 55.87 | 65.44 | OK | |
r-devel-linux-x86_64-debian-gcc | 1.0.2.1 | 5.50 | 38.34 | 43.84 | OK | |
r-devel-linux-x86_64-fedora-clang | 1.0.2.1 | 47.00 | 59.64 | 106.64 | OK | |
r-devel-linux-x86_64-fedora-gcc | 1.0.2.1 | 18.00 | 75.07 | 93.07 | OK | |
r-devel-windows-x86_64 | 1.0.2.1 | 10.00 | 69.00 | 79.00 | OK | |
r-patched-linux-x86_64 | 1.0.2.1 | 8.61 | 53.10 | 61.71 | OK | |
r-release-linux-x86_64 | 1.0.2.1 | 7.79 | 52.28 | 60.07 | OK | |
r-release-macos-arm64 | 1.0.2.1 | 4.00 | 27.00 | 31.00 | OK | |
r-release-macos-x86_64 | 1.0.2.1 | 7.00 | 50.00 | 57.00 | OK | |
r-release-windows-x86_64 | 1.0.2.1 | 11.00 | 70.00 | 81.00 | OK | |
r-oldrel-macos-arm64 | 1.0.2.1 | 3.00 | 29.00 | 32.00 | NOTE | |
r-oldrel-macos-x86_64 | 1.0.2.1 | 8.00 | 50.00 | 58.00 | NOTE | |
r-oldrel-windows-x86_64 | 1.0.2.1 | 13.00 | 85.00 | 98.00 | NOTE |
Version: 1.0.2.1
Check: package dependencies
Result: NOTE
Package which this enhances but not available for checking: ‘gurobi’
Flavors: r-oldrel-macos-arm64, r-oldrel-macos-x86_64, r-oldrel-windows-x86_64