Last updated on 2025-10-24 04:51:01 CEST.
| Flavor | Version | Tinstall | Tcheck | Ttotal | Status | Flags |
|---|---|---|---|---|---|---|
| r-devel-linux-x86_64-debian-clang | 1.0.8 | 43.02 | 205.27 | 248.29 | OK | |
| r-devel-linux-x86_64-debian-gcc | 1.0.8 | 31.31 | 106.31 | 137.62 | OK | |
| r-devel-linux-x86_64-fedora-clang | 1.0.8 | 118.00 | 304.79 | 422.79 | OK | |
| r-devel-linux-x86_64-fedora-gcc | 1.0.8 | 62.00 | 352.98 | 414.98 | OK | |
| r-devel-windows-x86_64 | 1.0.8 | 52.00 | 189.00 | 241.00 | OK | |
| r-patched-linux-x86_64 | 1.0.8 | 47.95 | 196.57 | 244.52 | OK | |
| r-release-linux-x86_64 | 1.0.8 | 47.22 | 196.91 | 244.13 | OK | |
| r-release-macos-arm64 | 1.0.8 | 16.00 | 64.00 | 80.00 | OK | |
| r-release-macos-x86_64 | 1.0.8 | 20.00 | 195.00 | 215.00 | OK | |
| r-release-windows-x86_64 | 1.0.8 | 54.00 | 192.00 | 246.00 | OK | |
| r-oldrel-macos-arm64 | 1.0.8 | 16.00 | 70.00 | 86.00 | NOTE | |
| r-oldrel-macos-x86_64 | 1.0.8 | 23.00 | 203.00 | 226.00 | NOTE | |
| r-oldrel-windows-x86_64 | 1.0.8 | 61.00 | 271.00 | 332.00 | OK |
Version: 1.0.8
Check: installed package size
Result: NOTE
installed size is 10.0Mb
sub-directories of 1Mb or more:
libs 9.5Mb
Flavors: r-oldrel-macos-arm64, r-oldrel-macos-x86_64