Last updated on 2025-10-22 05:51:20 CEST.
Flavor | Version | Tinstall | Tcheck | Ttotal | Status | Flags |
---|---|---|---|---|---|---|
r-devel-linux-x86_64-debian-clang | 1.2.11 | 35.16 | 254.26 | 289.42 | NOTE | |
r-devel-linux-x86_64-debian-gcc | 1.2.11 | 23.25 | 172.99 | 196.24 | NOTE | |
r-devel-linux-x86_64-fedora-clang | 1.2.11 | 107.00 | 336.10 | 443.10 | OK | |
r-devel-linux-x86_64-fedora-gcc | 1.2.11 | 75.00 | 333.97 | 408.97 | OK | |
r-devel-windows-x86_64 | 1.2.11 | 39.00 | 229.00 | 268.00 | OK | |
r-patched-linux-x86_64 | 1.2.11 | 34.60 | 224.82 | 259.42 | OK | |
r-release-linux-x86_64 | 1.2.11 | 32.16 | 220.51 | 252.67 | OK | |
r-release-macos-arm64 | 1.2.11 | 15.00 | 87.00 | 102.00 | OK | |
r-release-macos-x86_64 | 1.2.11 | 32.00 | 272.00 | 304.00 | OK | |
r-release-windows-x86_64 | 1.2.11 | 39.00 | 229.00 | 268.00 | OK | |
r-oldrel-macos-arm64 | 1.2.11 | 23.00 | 192.00 | 215.00 | OK | |
r-oldrel-macos-x86_64 | 1.2.11 | 37.00 | 305.00 | 342.00 | OK | |
r-oldrel-windows-x86_64 | 1.2.11 | 46.00 | 309.00 | 355.00 | OK |
Version: 1.2.11
Check: top-level files
Result: NOTE
Found the following validation problem for the NEWS.Rd HTML conversion:
NEWS.html:469:1 (inst/NEWS.Rd:231): Warning: missing </ul> before </div>
NEWS.html:40:1 (inst/NEWS.Rd:15): Warning: <h4> anchor "NEW" already defined
NEWS.html:55:1 (inst/NEWS.Rd:23): Warning: <h4> anchor "NEW" already defined
NEWS.html:70:1 (inst/NEWS.Rd:31): Warning: <h4> anchor "NEW" already defined
NEWS.html:100:1 (inst/NEWS.Rd:47): Warning: <h4> anchor "FIXED" already defined
NEWS.html:115:1 (inst/NEWS.Rd:55): Warning: <h4> anchor "FIXED" already defined
NEWS.html:130:1 (inst/NEWS.Rd:63): Warning: <h4> anchor "FIXED" already defined
NEWS.html:145:1 (inst/NEWS.Rd:71): Warning: <h4> anchor "FIXED" already defined
NEWS.html:178:1 (inst/NEWS.Rd:88): Warning: <h4> anchor "NEW" already defined
NEWS.html:189:1 (inst/NEWS.Rd:93): Warning: <h4> anchor "CHANGED" already defined
NEWS.html:207:1 (inst/NEWS.Rd:102): Warning: <h4> anchor "FIXED" already defined
NEWS.html:222:1 (inst/NEWS.Rd:110): Warning: <h4> anchor "CHANGED" already defined
NEWS.html:237:1 (inst/NEWS.Rd:118): Warning: <h4> anchor "NEW" already defined
NEWS.html:261:1 (inst/NEWS.Rd:129): Warning: <h4> anchor "NEW" already defined
NEWS.html:276:1 (inst/NEWS.Rd:137): Warning: <h4> anchor "FIXED" already defined
NEWS.html:291:1 (inst/NEWS.Rd:146): Warning: <h4> anchor "NEW" already defined
NEWS.html:309:1 (inst/NEWS.Rd:156): Warning: <h4> anchor "FIXED" already defined
NEWS.html:320:1 (inst/NEWS.Rd:161): Warning: <h4> anchor "CHANGED" already defined
NEWS.html:334:1 (inst/NEWS.Rd:167): Warning: <h4> anchor "NEW" already defined
NEWS.html:352:1 (inst/NEWS.Rd:177): Warning: <h4> anchor "FIXED" already defined
NEWS.html:363:1 (inst/NEWS.Rd:182): Warning: <h4> anchor "CHANGED" already defined
NEWS.html:377:1 (inst/NEWS.Rd:188): Warning: <h4> anchor "NEW" already defined
NEWS.html:392:1 (inst/NEWS.Rd:197): Warning: <h4> anchor "FIXED" already defined
NEWS.html:403:1 (inst/NEWS.Rd:202): Warning: <h4> anchor "CHANGED" already defined
NEWS.html:417:1 (inst/NEWS.Rd:208): Warning: <h4> anchor "NEW" already defined
NEWS.html:441:1 (inst/NEWS.Rd:220): Warning: <h4> anchor "FIXED" already defined
NEWS.html:452:1 (inst/NEWS.Rd:226): Warning: <h4> anchor "NEW" already defined
Flavors: r-devel-linux-x86_64-debian-clang, r-devel-linux-x86_64-debian-gcc