Last updated on 2025-10-22 05:51:21 CEST.
Flavor | Version | Tinstall | Tcheck | Ttotal | Status | Flags |
---|---|---|---|---|---|---|
r-devel-linux-x86_64-debian-clang | 1.0.8 | 12.05 | 100.70 | 112.75 | NOTE | |
r-devel-linux-x86_64-debian-gcc | 1.0.8 | 8.68 | 72.23 | 80.91 | NOTE | |
r-devel-linux-x86_64-fedora-clang | 1.0.8 | 59.00 | 129.65 | 188.65 | OK | |
r-devel-linux-x86_64-fedora-gcc | 1.0.8 | 27.00 | 135.79 | 162.79 | OK | |
r-devel-windows-x86_64 | 1.0.8 | 14.00 | 100.00 | 114.00 | OK | |
r-patched-linux-x86_64 | 1.0.8 | 12.58 | 94.24 | 106.82 | OK | |
r-release-linux-x86_64 | 1.0.8 | 12.65 | 93.49 | 106.14 | OK | |
r-release-macos-arm64 | 1.0.8 | 5.00 | 38.00 | 43.00 | OK | |
r-release-macos-x86_64 | 1.0.8 | 12.00 | 79.00 | 91.00 | OK | |
r-release-windows-x86_64 | 1.0.8 | 14.00 | 101.00 | 115.00 | OK | |
r-oldrel-macos-arm64 | 1.0.8 | 6.00 | 50.00 | 56.00 | OK | |
r-oldrel-macos-x86_64 | 1.0.8 | 12.00 | 93.00 | 105.00 | OK | |
r-oldrel-windows-x86_64 | 1.0.8 | 20.00 | 129.00 | 149.00 | OK |
Version: 1.0.8
Check: HTML version of manual
Result: NOTE
Found the following HTML validation problems:
mutate.names.matrix.p.null.html:54:1 (mutate.names.matrix.p.null.Rd:15): Warning: missing </ul> before </div>
select.pcpsmethod.html:49:1 (select.pcpsmethod.Rd:14): Warning: missing </ul> before </div>
Flavors: r-devel-linux-x86_64-debian-clang, r-devel-linux-x86_64-debian-gcc