Last updated on 2025-10-22 05:51:21 CEST.
Flavor | Version | Tinstall | Tcheck | Ttotal | Status | Flags |
---|---|---|---|---|---|---|
r-devel-linux-x86_64-debian-clang | 0.1.0 | 10.17 | 136.76 | 146.93 | NOTE | |
r-devel-linux-x86_64-debian-gcc | 0.1.0 | 8.22 | 97.69 | 105.91 | NOTE | |
r-devel-linux-x86_64-fedora-clang | 0.1.0 | 30.00 | 198.34 | 228.34 | NOTE | |
r-devel-linux-x86_64-fedora-gcc | 0.1.0 | 18.00 | 206.45 | 224.45 | NOTE | |
r-devel-windows-x86_64 | 0.1.0 | 11.00 | 124.00 | 135.00 | OK | |
r-patched-linux-x86_64 | 0.1.0 | 9.81 | 127.71 | 137.52 | OK | |
r-release-linux-x86_64 | 0.1.0 | 9.32 | 128.02 | 137.34 | OK | |
r-release-macos-arm64 | 0.1.0 | 4.00 | 57.00 | 61.00 | OK | |
r-release-macos-x86_64 | 0.1.0 | 7.00 | 116.00 | 123.00 | OK | |
r-release-windows-x86_64 | 0.1.0 | 12.00 | 126.00 | 138.00 | OK | |
r-oldrel-macos-arm64 | 0.1.0 | 4.00 | 52.00 | 56.00 | OK | |
r-oldrel-macos-x86_64 | 0.1.0 | 9.00 | 95.00 | 104.00 | OK | |
r-oldrel-windows-x86_64 | 0.1.0 | 15.00 | 173.00 | 188.00 | OK |
Version: 0.1.0
Check: CRAN incoming feasibility
Result: NOTE
Maintainer: ‘Zhenbang Wang <bruce1edward@gmail.com>’
No Authors@R field in DESCRIPTION.
Please add one, modifying
Authors@R: c(person(given = "Javier",
family = "Cabrera",
role = "aut",
email = "xavier.cabrera@gmail.com"),
person(given = "Fei",
family = "Wang",
role = "aut",
email = "cherry8177@gmail.com"),
person(given = "Zhenbang",
family = "Wang",
role = "cre",
email = "bruce1edward@gmail.com"))
as necessary.
Flavors: r-devel-linux-x86_64-debian-clang, r-devel-linux-x86_64-debian-gcc
Version: 0.1.0
Check: dependencies in R code
Result: NOTE
Namespace in Imports field not imported from: ‘glmnet’
All declared Imports should be used.
Flavors: r-devel-linux-x86_64-fedora-clang, r-devel-linux-x86_64-fedora-gcc