Last updated on 2025-07-22 08:48:39 CEST.
Flavor | Version | Tinstall | Tcheck | Ttotal | Status | Flags |
---|---|---|---|---|---|---|
r-devel-linux-x86_64-debian-clang | 1.0.1 | 28.39 | 337.22 | 365.61 | OK | |
r-devel-linux-x86_64-debian-gcc | 1.0.1 | 22.51 | 220.11 | 242.62 | OK | |
r-devel-linux-x86_64-fedora-clang | 1.0.1 | 543.55 | OK | |||
r-devel-linux-x86_64-fedora-gcc | 1.0.1 | 546.87 | OK | |||
r-devel-windows-x86_64 | 1.0.1 | 30.00 | 231.00 | 261.00 | OK | |
r-patched-linux-x86_64 | 1.0.1 | 28.64 | 323.46 | 352.10 | OK | |
r-release-linux-x86_64 | 1.0.1 | 27.54 | 323.00 | 350.54 | OK | |
r-release-macos-arm64 | 1.0.1 | 140.00 | OK | |||
r-release-macos-x86_64 | 1.0.1 | 270.00 | OK | |||
r-release-windows-x86_64 | 1.0.1 | 32.00 | 238.00 | 270.00 | OK | |
r-oldrel-macos-arm64 | 1.0.1 | 149.00 | NOTE | |||
r-oldrel-macos-x86_64 | 1.0.1 | 295.00 | NOTE | |||
r-oldrel-windows-x86_64 | 1.0.1 | 41.00 | 377.00 | 418.00 | OK |
Version: 1.0.1
Check: installed package size
Result: NOTE
installed size is 5.3Mb
sub-directories of 1Mb or more:
R 4.1Mb
Flavors: r-oldrel-macos-arm64, r-oldrel-macos-x86_64