Last updated on 2025-10-24 04:51:03 CEST.
| Flavor | Version | Tinstall | Tcheck | Ttotal | Status | Flags |
|---|---|---|---|---|---|---|
| r-devel-linux-x86_64-debian-clang | 0.3.0 | 14.31 | 126.30 | 140.61 | NOTE | |
| r-devel-linux-x86_64-debian-gcc | 0.3.0 | 9.19 | 88.36 | 97.55 | OK | |
| r-devel-linux-x86_64-fedora-clang | 0.3.0 | 82.00 | 143.66 | 225.66 | OK | |
| r-devel-linux-x86_64-fedora-gcc | 0.3.0 | 28.00 | 169.66 | 197.66 | OK | |
| r-devel-windows-x86_64 | 0.3.0 | 15.00 | 119.00 | 134.00 | OK | |
| r-patched-linux-x86_64 | 0.3.0 | 13.38 | 115.57 | 128.95 | OK | |
| r-release-linux-x86_64 | 0.3.0 | 13.45 | 115.34 | 128.79 | OK | |
| r-release-macos-arm64 | 0.3.0 | 7.00 | 55.00 | 62.00 | OK | |
| r-release-macos-x86_64 | 0.3.0 | 12.00 | 124.00 | 136.00 | WARN | |
| r-release-windows-x86_64 | 0.3.0 | 17.00 | 120.00 | 137.00 | OK | |
| r-oldrel-macos-arm64 | 0.3.0 | 6.00 | 51.00 | 57.00 | OK | |
| r-oldrel-macos-x86_64 | 0.3.0 | 12.00 | 127.00 | 139.00 | OK | |
| r-oldrel-windows-x86_64 | 0.3.0 | 23.00 | 174.00 | 197.00 | OK |
Version: 0.3.0
Check: HTML version of manual
Result: NOTE
Found the following HTML validation problems:
add_DQC.html:60:1 (add_DQC.Rd:18): Warning: missing </ul> before </div>
Flavor: r-devel-linux-x86_64-debian-clang
Version: 0.3.0
Check: loading without being on the library search path
Result: WARN
Error: package or namespace load failed for ‘PKbioanalysis’ in loadNamespace(j <- i[[1L]], c(lib.loc, .libPaths()), versionCheck = vI[[j]]):
there is no package called ‘dplyr’
Execution halted
It looks like this package has a loading problem when not on .libPaths:
see the messages for details.
Flavor: r-release-macos-x86_64