Last updated on 2025-10-22 05:51:20 CEST.
Flavor | Version | Tinstall | Tcheck | Ttotal | Status | Flags |
---|---|---|---|---|---|---|
r-devel-linux-x86_64-debian-clang | 6.5.1 | 17.48 | 316.37 | 333.85 | NOTE | |
r-devel-linux-x86_64-debian-gcc | 6.5.1 | 11.59 | 206.69 | 218.28 | NOTE | |
r-devel-linux-x86_64-fedora-clang | 6.5.1 | 59.00 | 429.52 | 488.52 | OK | |
r-devel-linux-x86_64-fedora-gcc | 6.5.1 | 41.00 | 461.37 | 502.37 | OK | |
r-devel-windows-x86_64 | 6.5.1 | 13.00 | 326.00 | 339.00 | OK | |
r-patched-linux-x86_64 | 6.5.0 | 18.74 | 302.91 | 321.65 | OK | |
r-release-linux-x86_64 | 6.5.1 | 18.14 | 301.35 | 319.49 | OK | |
r-release-macos-arm64 | 6.5.1 | 8.00 | 141.00 | 149.00 | OK | |
r-release-macos-x86_64 | 6.5.1 | 23.00 | 259.00 | 282.00 | OK | |
r-release-windows-x86_64 | 6.5.1 | 11.00 | 341.00 | 352.00 | OK | |
r-oldrel-macos-arm64 | 6.5.1 | 7.00 | 134.00 | 141.00 | OK | |
r-oldrel-macos-x86_64 | 6.5.1 | 19.00 | 327.00 | 346.00 | OK | |
r-oldrel-windows-x86_64 | 6.5.1 | 14.00 | 414.00 | 428.00 | OK |
Version: 6.5.1
Check: HTML version of manual
Result: NOTE
Found the following HTML validation problems:
pmmFit.html:53:1 (pmmFit.Rd:15): Warning: missing </ul> before </div>
Flavors: r-devel-linux-x86_64-debian-clang, r-devel-linux-x86_64-debian-gcc