Last updated on 2025-10-24 04:51:01 CEST.
| Flavor | Version | Tinstall | Tcheck | Ttotal | Status | Flags |
|---|---|---|---|---|---|---|
| r-devel-linux-x86_64-debian-clang | 1.4.3 | 7.54 | 817.49 | 825.03 | NOTE | |
| r-devel-linux-x86_64-debian-gcc | 1.4.3 | 4.81 | 534.16 | 538.97 | OK | |
| r-devel-linux-x86_64-fedora-clang | 1.4.3 | 63.00 | 1330.06 | 1393.06 | OK | |
| r-devel-linux-x86_64-fedora-gcc | 1.4.3 | 16.00 | 1215.81 | 1231.81 | OK | |
| r-devel-windows-x86_64 | 1.4.3 | 9.00 | 530.00 | 539.00 | OK | |
| r-patched-linux-x86_64 | 1.4.3 | 7.93 | 799.00 | 806.93 | OK | |
| r-release-linux-x86_64 | 1.4.3 | 7.38 | 771.29 | 778.67 | OK | |
| r-release-macos-arm64 | 1.4.3 | 3.00 | 277.00 | 280.00 | OK | |
| r-release-macos-x86_64 | 1.4.3 | 11.00 | 704.00 | 715.00 | OK | |
| r-release-windows-x86_64 | 1.4.3 | 14.00 | 546.00 | 560.00 | OK | |
| r-oldrel-macos-arm64 | 1.4.3 | 4.00 | 274.00 | 278.00 | OK | |
| r-oldrel-macos-x86_64 | 1.4.3 | 15.00 | ERROR | |||
| r-oldrel-windows-x86_64 | 1.4.3 | 13.00 | 789.00 | 802.00 | OK |
Version: 1.4.3
Check: HTML version of manual
Result: NOTE
Found the following HTML validation problems:
mockDisconnect.html:46:1 (mockDisconnect.Rd:10): Warning: missing </ul> before </div>
Flavor: r-devel-linux-x86_64-debian-clang
Version: 1.4.3
Check: package dependencies
Result: ERROR
Package required and available but unsuitable version: ‘omopgenerics’
See section ‘The DESCRIPTION file’ in the ‘Writing R Extensions’
manual.
Flavor: r-oldrel-macos-x86_64