Last updated on 2025-10-22 05:51:21 CEST.
Flavor | Version | Tinstall | Tcheck | Ttotal | Status | Flags |
---|---|---|---|---|---|---|
r-devel-linux-x86_64-debian-clang | 2.0.8 | 22.55 | 243.29 | 265.84 | NOTE | |
r-devel-linux-x86_64-debian-gcc | 2.0.8 | 16.71 | 161.35 | 178.06 | NOTE | |
r-devel-linux-x86_64-fedora-clang | 2.0.8 | 52.00 | 353.91 | 405.91 | OK | |
r-devel-linux-x86_64-fedora-gcc | 2.0.8 | 54.00 | 352.22 | 406.22 | OK | |
r-devel-windows-x86_64 | 2.0.8 | 30.00 | 208.00 | 238.00 | OK | --no-vignettes |
r-patched-linux-x86_64 | 2.0.8 | 28.45 | 236.36 | 264.81 | OK | |
r-release-linux-x86_64 | 2.0.8 | 24.75 | 233.96 | 258.71 | OK | |
r-release-macos-arm64 | 2.0.8 | 11.00 | 120.00 | 131.00 | OK | |
r-release-macos-x86_64 | 2.0.8 | 20.00 | 237.00 | 257.00 | OK | |
r-release-windows-x86_64 | 2.0.8 | 29.00 | 219.00 | 248.00 | OK | --no-vignettes |
r-oldrel-macos-arm64 | 2.0.8 | 11.00 | 100.00 | 111.00 | OK | |
r-oldrel-macos-x86_64 | 2.0.8 | 18.00 | 264.00 | 282.00 | OK | |
r-oldrel-windows-x86_64 | 2.0.8 | 39.00 | 213.00 | 252.00 | OK | --no-vignettes |
Version: 2.0.8
Check: HTML version of manual
Result: NOTE
Found the following HTML validation problems:
DrawdownDeviation.html:54:1 (DrawdownDeviation.Rd:13): Warning: missing </ul> before </div>
Flavors: r-devel-linux-x86_64-debian-clang, r-devel-linux-x86_64-debian-gcc