Last updated on 2025-10-22 05:51:21 CEST.
| Flavor | Version | Tinstall | Tcheck | Ttotal | Status | Flags |
|---|---|---|---|---|---|---|
| r-devel-linux-x86_64-debian-clang | 0.2.0 | 5.56 | 584.48 | 590.04 | NOTE | |
| r-devel-linux-x86_64-debian-gcc | 0.2.0 | 3.59 | 430.34 | 433.93 | NOTE | |
| r-devel-linux-x86_64-fedora-clang | 0.2.0 | 51.00 | 846.17 | 897.17 | OK | |
| r-devel-linux-x86_64-fedora-gcc | 0.2.0 | 11.00 | 828.82 | 839.82 | OK | |
| r-devel-windows-x86_64 | 0.2.0 | 7.00 | 457.00 | 464.00 | OK | |
| r-patched-linux-x86_64 | 0.2.0 | 4.95 | 546.44 | 551.39 | OK | |
| r-release-linux-x86_64 | 0.2.0 | 4.98 | 554.98 | 559.96 | OK | |
| r-release-macos-arm64 | 0.2.0 | 2.00 | 355.00 | 357.00 | OK | |
| r-release-macos-x86_64 | 0.2.0 | 4.00 | 399.00 | 403.00 | OK | |
| r-release-windows-x86_64 | 0.2.0 | 8.00 | 443.00 | 451.00 | OK | |
| r-oldrel-macos-arm64 | 0.2.0 | 2.00 | 365.00 | 367.00 | NOTE | |
| r-oldrel-macos-x86_64 | 0.2.0 | 4.00 | 408.00 | 412.00 | NOTE | |
| r-oldrel-windows-x86_64 | 0.2.0 | 10.00 | 649.00 | 659.00 | NOTE |
Version: 0.2.0
Check: HTML version of manual
Result: NOTE
Found the following HTML validation problems:
cohortDoc.html:40:1 (cohortDoc.Rd:7): Warning: missing </ul> before </div>
directoryDoc.html:40:1 (directoryDoc.Rd:7): Warning: missing </ul> before </div>
expectationsDoc.html:40:1 (expectationsDoc.Rd:7): Warning: missing </ul> before </div>
matchedDoc.html:42:1 (matchedDoc.Rd:9): Warning: missing </ul> before </div>
populationSampleDoc.html:51:1 (populationSampleDoc.Rd:16): Warning: missing </ul> before </div>
resultDoc.html:40:1 (resultDoc.Rd:7): Warning: missing </ul> before </div>
survivalDoc.html:40:1 (survivalDoc.Rd:7): Warning: missing </ul> before </div>
Flavors: r-devel-linux-x86_64-debian-clang, r-devel-linux-x86_64-debian-gcc
Version: 0.2.0
Check: installed package size
Result: NOTE
installed size is 5.2Mb
sub-directories of 1Mb or more:
doc 4.4Mb
Flavors: r-oldrel-macos-arm64, r-oldrel-macos-x86_64, r-oldrel-windows-x86_64