CRAN Package Check Results for Package PieceExpIntensity

Last updated on 2025-10-22 05:51:21 CEST.

Flavor Version Tinstall Tcheck Ttotal Status Flags
r-devel-linux-x86_64-debian-clang 1.0.4 19.64 23.85 43.49 NOTE
r-devel-linux-x86_64-debian-gcc 1.0.4 11.56 19.00 30.56 NOTE
r-devel-linux-x86_64-fedora-clang 1.0.4 56.00 24.45 80.45 OK
r-devel-linux-x86_64-fedora-gcc 1.0.4 44.00 24.06 68.06 OK
r-devel-windows-x86_64 1.0.4 24.00 58.00 82.00 OK
r-patched-linux-x86_64 1.0.4 17.88 22.67 40.55 OK
r-release-linux-x86_64 1.0.4 19.95 22.98 42.93 OK
r-release-macos-arm64 1.0.4 9.00 18.00 27.00 OK
r-release-macos-x86_64 1.0.4 15.00 33.00 48.00 OK
r-release-windows-x86_64 1.0.4 25.00 59.00 84.00 OK
r-oldrel-macos-arm64 1.0.4 8.00 17.00 25.00 NOTE
r-oldrel-macos-x86_64 1.0.4 10.00 31.00 41.00 NOTE
r-oldrel-windows-x86_64 1.0.4 29.00 70.00 99.00 NOTE

Check Details

Version: 1.0.4
Check: CRAN incoming feasibility
Result: NOTE Maintainer: ‘Andrew G. Chapple <agc6@rice.edu>’ No Authors@R field in DESCRIPTION. Please add one, modifying Authors@R: person(given = c("Andrew", "G."), family = "Chapple", role = c("aut", "cre"), email = "agc6@rice.edu") as necessary. Flavors: r-devel-linux-x86_64-debian-clang, r-devel-linux-x86_64-debian-gcc

Version: 1.0.4
Check: LazyData
Result: NOTE 'LazyData' is specified without a 'data' directory Flavors: r-oldrel-macos-arm64, r-oldrel-macos-x86_64, r-oldrel-windows-x86_64