Last updated on 2025-10-24 04:51:04 CEST.
| Flavor | Version | Tinstall | Tcheck | Ttotal | Status | Flags |
|---|---|---|---|---|---|---|
| r-devel-linux-x86_64-debian-clang | 1.0.3 | 3.58 | 32.98 | 36.56 | NOTE | |
| r-devel-linux-x86_64-debian-gcc | 1.0.3 | 2.82 | 26.39 | 29.21 | NOTE | |
| r-devel-linux-x86_64-fedora-clang | 1.0.3 | 13.00 | 41.55 | 54.55 | NOTE | |
| r-devel-linux-x86_64-fedora-gcc | 1.0.3 | 66.71 | NOTE | |||
| r-devel-windows-x86_64 | 1.0.3 | 6.00 | 53.00 | 59.00 | NOTE | |
| r-patched-linux-x86_64 | 1.0.3 | 4.00 | 30.32 | 34.32 | NOTE | |
| r-release-linux-x86_64 | 1.0.3 | 3.38 | 30.53 | 33.91 | NOTE | |
| r-release-macos-arm64 | 1.0.3 | 2.00 | 26.00 | 28.00 | NOTE | |
| r-release-macos-x86_64 | 1.0.3 | 3.00 | 72.00 | 75.00 | NOTE | |
| r-release-windows-x86_64 | 1.0.3 | 6.00 | 56.00 | 62.00 | NOTE | |
| r-oldrel-macos-arm64 | 1.0.3 | 3.00 | 25.00 | 28.00 | OK | |
| r-oldrel-macos-x86_64 | 1.0.3 | 5.00 | 54.00 | 59.00 | NOTE | |
| r-oldrel-windows-x86_64 | 1.0.3 | 7.00 | 61.00 | 68.00 | OK |
Version: 1.0.3
Check: DESCRIPTION meta-information
Result: NOTE
Missing dependency on R >= 4.1.0 because package code uses the pipe
|> or function shorthand \(...) syntax added in R 4.1.0.
File(s) using such syntax:
‘nba_data.R’ ‘nba_data.Rd’ ‘nfl_data.R’ ‘nhl_data.R’ ‘nhl_data.Rd’
Flavors: r-devel-linux-x86_64-debian-clang, r-devel-linux-x86_64-debian-gcc, r-devel-linux-x86_64-fedora-clang, r-devel-linux-x86_64-fedora-gcc, r-devel-windows-x86_64, r-patched-linux-x86_64, r-release-linux-x86_64, r-release-macos-arm64, r-release-macos-x86_64, r-release-windows-x86_64
Version: 1.0.3
Check: installed package size
Result: NOTE
installed size is 5.8Mb
sub-directories of 1Mb or more:
R 3.3Mb
data 2.4Mb
Flavor: r-oldrel-macos-x86_64