CRAN Package Check Results for Package ProTrackR2

Last updated on 2025-10-22 05:51:22 CEST.

Flavor Version Tinstall Tcheck Ttotal Status Flags
r-devel-linux-x86_64-debian-clang 0.0.5 31.94 43.04 74.98 NOTE
r-devel-linux-x86_64-debian-gcc 0.0.5 23.30 34.56 57.86 NOTE
r-devel-linux-x86_64-fedora-clang 0.0.5 86.00 48.75 134.75 NOTE
r-devel-linux-x86_64-fedora-gcc 0.0.5 83.00 52.25 135.25 NOTE
r-devel-windows-x86_64 0.0.5 109.00 75.00 184.00 NOTE
r-patched-linux-x86_64 0.0.5 32.81 40.36 73.17 NOTE
r-release-linux-x86_64 0.0.5 32.22 40.12 72.34 NOTE
r-release-macos-arm64 0.0.5 15.00 50.00 65.00 NOTE
r-release-macos-x86_64 0.0.5 18.00 58.00 76.00 NOTE
r-release-windows-x86_64 0.0.5 112.00 75.00 187.00 NOTE
r-oldrel-macos-arm64 0.0.5 16.00 45.00 61.00 OK
r-oldrel-macos-x86_64 0.0.5 23.00 88.00 111.00 OK
r-oldrel-windows-x86_64 0.0.5 115.00 91.00 206.00 OK

Additional issues

rchk

Check Details

Version: 0.0.5
Check: DESCRIPTION meta-information
Result: NOTE Missing dependency on R >= 4.1.0 because package code uses the pipe |> or function shorthand \(...) syntax added in R 4.1.0. File(s) using such syntax: ‘cell.R’ ‘command.R’ ‘instrument.R’ ‘io.R’ ‘modplug.R’ ‘note.R’ ‘render.R’ ‘s3.R’ ‘select_ops.R’ Flavors: r-devel-linux-x86_64-debian-clang, r-devel-linux-x86_64-debian-gcc, r-devel-linux-x86_64-fedora-clang, r-devel-linux-x86_64-fedora-gcc, r-devel-windows-x86_64, r-patched-linux-x86_64, r-release-linux-x86_64, r-release-macos-arm64, r-release-macos-x86_64, r-release-windows-x86_64