Last updated on 2025-10-22 05:51:22 CEST.
Flavor | Version | Tinstall | Tcheck | Ttotal | Status | Flags |
---|---|---|---|---|---|---|
r-devel-linux-x86_64-debian-clang | 0.0.5 | 7.85 | 134.38 | 142.23 | NOTE | |
r-devel-linux-x86_64-debian-gcc | 0.0.5 | 6.20 | 91.64 | 97.84 | NOTE | |
r-devel-linux-x86_64-fedora-clang | 0.0.5 | 20.00 | 212.96 | 232.96 | NOTE | |
r-devel-linux-x86_64-fedora-gcc | 0.0.5 | 15.00 | 205.35 | 220.35 | NOTE | |
r-devel-windows-x86_64 | 0.0.5 | 10.00 | 140.00 | 150.00 | OK | |
r-patched-linux-x86_64 | 0.0.5 | 8.19 | 123.66 | 131.85 | OK | |
r-release-linux-x86_64 | 0.0.5 | 6.97 | 123.57 | 130.54 | OK | |
r-release-macos-arm64 | 0.0.5 | 3.00 | 58.00 | 61.00 | OK | |
r-release-macos-x86_64 | 0.0.5 | 6.00 | 107.00 | 113.00 | OK | |
r-release-windows-x86_64 | 0.0.5 | 12.00 | 141.00 | 153.00 | OK | |
r-oldrel-macos-arm64 | 0.0.5 | 3.00 | 55.00 | 58.00 | OK | |
r-oldrel-macos-x86_64 | 0.0.5 | 4.00 | 86.00 | 90.00 | OK | |
r-oldrel-windows-x86_64 | 0.0.5 | 13.00 | 175.00 | 188.00 | OK |
Version: 0.0.5
Check: HTML version of manual
Result: NOTE
Found the following HTML validation problems:
mean2.html:46:1 (mean2.Rd:10): Warning: missing </ul> before </div>
Flavors: r-devel-linux-x86_64-debian-clang, r-devel-linux-x86_64-debian-gcc
Version: 0.0.5
Check: dependencies in R code
Result: NOTE
Namespaces in Imports field not imported from:
‘itsadug’ ‘mgcv’
All declared Imports should be used.
Flavors: r-devel-linux-x86_64-fedora-clang, r-devel-linux-x86_64-fedora-gcc