CRAN Package Check Results for Package PytrendsLongitudinalR

Last updated on 2025-07-21 08:50:13 CEST.

Flavor Version Tinstall Tcheck Ttotal Status Flags
r-devel-linux-x86_64-debian-clang 0.1.4 8.16 78.87 87.03 OK
r-devel-linux-x86_64-debian-gcc 0.1.4 4.14 2.42 6.56 ERROR
r-devel-linux-x86_64-fedora-clang 0.1.4 172.82 OK
r-devel-linux-x86_64-fedora-gcc 0.1.4 185.66 OK
r-devel-windows-x86_64 0.1.4 10.00 97.00 107.00 OK
r-patched-linux-x86_64 0.1.4 6.81 68.07 74.88 OK
r-release-linux-x86_64 0.1.4 6.84 69.20 76.04 OK
r-release-macos-arm64 0.1.4 66.00 OK
r-release-macos-x86_64 0.1.4 104.00 OK
r-release-windows-x86_64 0.1.4 10.00 98.00 108.00 OK
r-oldrel-macos-arm64 0.1.4 56.00 OK
r-oldrel-macos-x86_64 0.1.4 112.00 OK
r-oldrel-windows-x86_64 0.1.4 82.00 832.00 914.00 OK

Check Details

Version: 0.1.4
Check: whether package can be installed
Result: ERROR Installation failed. Flavor: r-devel-linux-x86_64-debian-gcc