Last updated on 2025-10-24 04:51:05 CEST.
| Flavor | Version | Tinstall | Tcheck | Ttotal | Status | Flags |
|---|---|---|---|---|---|---|
| r-devel-linux-x86_64-debian-clang | 3.23 | 22.18 | 107.50 | 129.68 | OK | |
| r-devel-linux-x86_64-debian-gcc | 3.23 | 15.06 | 66.42 | 81.48 | NOTE | |
| r-devel-linux-x86_64-fedora-clang | 3.23 | 47.00 | 154.50 | 201.50 | OK | |
| r-devel-linux-x86_64-fedora-gcc | 3.23 | 48.00 | 150.25 | 198.25 | OK | |
| r-devel-windows-x86_64 | 3.23 | 33.00 | 121.00 | 154.00 | OK | |
| r-patched-linux-x86_64 | 3.23 | 24.27 | 102.48 | 126.75 | OK | |
| r-release-linux-x86_64 | 3.23 | 21.34 | 100.84 | 122.18 | OK | |
| r-release-macos-arm64 | 3.23 | 12.00 | 48.00 | 60.00 | OK | |
| r-release-macos-x86_64 | 3.23 | 22.00 | 95.00 | 117.00 | OK | |
| r-release-windows-x86_64 | 3.23 | 34.00 | 122.00 | 156.00 | OK | |
| r-oldrel-macos-arm64 | 3.23 | 9.00 | 46.00 | 55.00 | NOTE | |
| r-oldrel-macos-x86_64 | 3.23 | 20.00 | 84.00 | 104.00 | NOTE | |
| r-oldrel-windows-x86_64 | 3.23 | 41.00 | 150.00 | 191.00 | NOTE |
Version: 3.23
Check: Rd files
Result: NOTE
checkRd: (-1) truthTable.Rd:92-99: Only 2 columns allowed in this table (row 3 has 1)
checkRd: (-1) truthTable.Rd:108-115: Only 2 columns allowed in this table (row 3 has 1)
checkRd: (-1) truthTable.Rd:108-115: Only 2 columns allowed in this table (row 5 has 1)
checkRd: (-1) truthTable.Rd:148-156: Only 2 columns allowed in this table (row 2 has 1)
checkRd: (-1) truthTable.Rd:148-156: Only 2 columns allowed in this table (row 5 has 1)
Flavor: r-devel-linux-x86_64-debian-gcc
Version: 3.23
Check: installed package size
Result: NOTE
installed size is 5.9Mb
sub-directories of 1Mb or more:
gui 1.6Mb
staticdocs 3.3Mb
Flavors: r-oldrel-macos-arm64, r-oldrel-macos-x86_64, r-oldrel-windows-x86_64