Last updated on 2025-10-22 05:51:22 CEST.
Flavor | Version | Tinstall | Tcheck | Ttotal | Status | Flags |
---|---|---|---|---|---|---|
r-devel-linux-x86_64-debian-clang | 1.2.1 | 198.31 | 92.21 | 290.52 | NOTE | |
r-devel-linux-x86_64-debian-gcc | 1.2.1 | 178.96 | 63.18 | 242.14 | NOTE | |
r-devel-linux-x86_64-fedora-clang | 1.2.1 | 960.00 | -491.76 | 468.24 | OK | |
r-devel-linux-x86_64-fedora-gcc | 1.2.1 | 573.00 | 37.99 | 610.99 | OK | |
r-devel-windows-x86_64 | 1.2.1 | 203.00 | 141.00 | 344.00 | OK | |
r-patched-linux-x86_64 | 1.2.1 | 251.69 | 86.28 | 337.97 | OK | |
r-release-linux-x86_64 | 1.2.1 | 241.57 | 86.89 | 328.46 | OK | |
r-release-macos-arm64 | 1.2.1 | 82.00 | 50.00 | 132.00 | OK | |
r-release-macos-x86_64 | 1.2.1 | 119.00 | 96.00 | 215.00 | OK | |
r-release-windows-x86_64 | 1.2.1 | 207.00 | 149.00 | 356.00 | OK | |
r-oldrel-macos-arm64 | 1.2.1 | 91.00 | 56.00 | 147.00 | NOTE | |
r-oldrel-macos-x86_64 | 1.2.1 | 137.00 | 122.00 | 259.00 | NOTE | |
r-oldrel-windows-x86_64 | 1.2.1 | 258.00 | 180.00 | 438.00 | NOTE |
Version: 1.2.1
Check: HTML version of manual
Result: NOTE
Found the following HTML validation problems:
AIT.more.html:60:1 (AIT.more.Rd:18): Warning: missing </ul> before </div>
AIT.obj.html:58:1 (AIT.obj.Rd:17): Warning: missing </ul> before </div>
CS.more.html:64:1 (CS.more.Rd:20): Warning: missing </ul> before </div>
CS.obj.html:64:1 (CS.obj.Rd:20): Warning: missing </ul> before </div>
KL.more.html:60:1 (KL.more.Rd:18): Warning: missing </ul> before </div>
KL.obj.html:58:1 (KL.obj.Rd:17): Warning: missing </ul> before </div>
MEANmeth.html:51:1 (MEANmeth.Rd:13): Warning: missing </ul> before </div>
QFASA.const.eqn.html:60:1 (QFASA.const.eqn.Rd:18): Warning: missing </ul> before </div>
chisq.CA.html:50:1 (chisq.CA.Rd:12): Warning: missing </ul> before </div>
comp.gen.pseudo.seals.html:71:1 (comp.gen.pseudo.seals.Rd:24): Warning: missing </ul> before </div>
create.d.mat.html:50:1 (create.d.mat.Rd:12): Warning: missing </ul> before </div>
gen.pseudo.seals.html:71:1 (gen.pseudo.seals.Rd:24): Warning: missing </ul> before </div>
mean_geometric.html:46:1 (mean_geometric.Rd:10): Warning: missing </ul> before </div>
testfordiff.ind.boot.html:54:1 (testfordiff.ind.boot.Rd:14): Warning: missing </ul> before </div>
testfordiff.ind.boot.fun.html:58:1 (testfordiff.ind.boot.fun.Rd:16): Warning: missing </ul> before </div>
Flavors: r-devel-linux-x86_64-debian-clang, r-devel-linux-x86_64-debian-gcc
Version: 1.2.1
Check: installed package size
Result: NOTE
installed size is 114.6Mb
sub-directories of 1Mb or more:
libs 113.8Mb
Flavors: r-oldrel-macos-arm64, r-oldrel-macos-x86_64, r-oldrel-windows-x86_64