Last updated on 2025-10-22 05:51:23 CEST.
Flavor | Version | Tinstall | Tcheck | Ttotal | Status | Flags |
---|---|---|---|---|---|---|
r-devel-linux-x86_64-debian-clang | 1.0.1 | 127.60 | 136.40 | 264.00 | OK | |
r-devel-linux-x86_64-debian-gcc | 1.0.1 | 122.36 | 106.41 | 228.77 | OK | |
r-devel-linux-x86_64-fedora-clang | 1.0.1 | 536.00 | -79.40 | 456.60 | OK | |
r-devel-linux-x86_64-fedora-gcc | 1.0.1 | 368.00 | 128.66 | 496.66 | OK | |
r-devel-windows-x86_64 | 1.0.1 | 149.00 | 170.00 | 319.00 | OK | |
r-patched-linux-x86_64 | 1.0.1 | 156.25 | 144.43 | 300.68 | OK | |
r-release-linux-x86_64 | 1.0.1 | 156.58 | 145.15 | 301.73 | OK | |
r-release-macos-arm64 | 1.0.1 | 53.00 | 54.00 | 107.00 | OK | |
r-release-macos-x86_64 | 1.0.1 | 132.00 | 79.00 | 211.00 | OK | |
r-release-windows-x86_64 | 1.0.1 | 147.00 | 161.00 | 308.00 | OK | |
r-oldrel-macos-arm64 | 1.0.1 | 61.00 | 54.00 | 115.00 | NOTE | |
r-oldrel-macos-x86_64 | 1.0.1 | 110.00 | 83.00 | 193.00 | NOTE | |
r-oldrel-windows-x86_64 | 1.0.1 | 173.00 | 215.00 | 388.00 | NOTE |
Version: 1.0.1
Check: installed package size
Result: NOTE
installed size is 44.2Mb
sub-directories of 1Mb or more:
libs 43.9Mb
Flavors: r-oldrel-macos-arm64, r-oldrel-macos-x86_64
Version: 1.0.1
Check: for GNU extensions in Makefiles
Result: NOTE
GNU make is a SystemRequirements.
Flavors: r-oldrel-macos-arm64, r-oldrel-macos-x86_64, r-oldrel-windows-x86_64