Last updated on 2025-07-19 08:48:46 CEST.
Flavor | Version | Tinstall | Tcheck | Ttotal | Status | Flags |
---|---|---|---|---|---|---|
r-devel-linux-x86_64-debian-clang | 0.4 | 3.19 | 39.39 | 42.58 | NOTE | |
r-devel-linux-x86_64-debian-gcc | 0.4 | 2.16 | 29.85 | 32.01 | NOTE | |
r-devel-linux-x86_64-fedora-clang | 0.4 | 63.84 | NOTE | |||
r-devel-linux-x86_64-fedora-gcc | 0.4 | 63.32 | NOTE | |||
r-devel-windows-x86_64 | 0.4 | 5.00 | 70.00 | 75.00 | OK | |
r-patched-linux-x86_64 | 0.4 | 3.69 | 37.81 | 41.50 | NOTE | |
r-release-linux-x86_64 | 0.4 | 2.86 | 37.43 | 40.29 | NOTE | |
r-release-macos-arm64 | 0.4 | 26.00 | OK | |||
r-release-macos-x86_64 | 0.4 | 58.00 | OK | |||
r-release-windows-x86_64 | 0.4 | 4.00 | 68.00 | 72.00 | OK | |
r-oldrel-macos-arm64 | 0.4 | 27.00 | OK | |||
r-oldrel-macos-x86_64 | 0.4 | 46.00 | OK | |||
r-oldrel-windows-x86_64 | 0.4 | 5.00 | 78.00 | 83.00 | OK |
Version: 0.4
Check: CRAN incoming feasibility
Result: NOTE
Maintainer: ‘Anne Philippe <anne.philippe@univ-nantes.fr>’
No Authors@R field in DESCRIPTION.
Please add one, modifying
Authors@R: c(person(given = "Anne",
family = "Philippe",
role = c("aut", "cre"),
email = "anne.philippe@univ-nantes.fr"),
person(given = "Marie-Anne",
family = "Vibet",
role = "aut"))
as necessary.
Flavors: r-devel-linux-x86_64-debian-clang, r-devel-linux-x86_64-debian-gcc
Version: 0.4
Check: for non-standard things in the check directory
Result: NOTE
Found the following files/directories:
‘data.csv’
Flavors: r-devel-linux-x86_64-debian-clang, r-devel-linux-x86_64-debian-gcc, r-devel-linux-x86_64-fedora-clang, r-devel-linux-x86_64-fedora-gcc, r-patched-linux-x86_64, r-release-linux-x86_64