CRAN Package Check Results for Package RClickhouse

Last updated on 2025-10-24 04:51:06 CEST.

Flavor Version Tinstall Tcheck Ttotal Status Flags
r-devel-linux-x86_64-debian-clang 0.6.10 82.16 57.19 139.35 NOTE
r-devel-linux-x86_64-debian-gcc 0.6.10 67.96 39.87 107.83 OK
r-devel-linux-x86_64-fedora-clang 0.6.10 207.00 57.45 264.45 OK
r-devel-linux-x86_64-fedora-gcc 0.6.10 165.00 87.97 252.97 OK
r-devel-windows-x86_64 0.6.10 120.00 101.00 221.00 OK
r-patched-linux-x86_64 0.6.10 87.72 52.64 140.36 OK
r-release-linux-x86_64 0.6.10 90.19 52.83 143.02 OK
r-release-macos-arm64 0.6.10 40.00 28.00 68.00 OK
r-release-macos-x86_64 0.6.10 31.00 48.00 79.00 OK
r-release-windows-x86_64 0.6.10 122.00 88.00 210.00 OK
r-oldrel-macos-arm64 0.6.10 37.00 34.00 71.00 NOTE
r-oldrel-macos-x86_64 0.6.10 42.00 57.00 99.00 NOTE
r-oldrel-windows-x86_64 0.6.10 144.00 114.00 258.00 OK

Check Details

Version: 0.6.10
Check: HTML version of manual
Result: NOTE Found the following HTML validation problems: sql_variant.html:50:1 (sql_variant.Rd:13): Warning: missing </ul> before </div> Flavor: r-devel-linux-x86_64-debian-clang

Version: 0.6.10
Check: installed package size
Result: NOTE installed size is 13.6Mb sub-directories of 1Mb or more: libs 13.3Mb Flavors: r-oldrel-macos-arm64, r-oldrel-macos-x86_64