Last updated on 2025-10-24 04:51:06 CEST.
| Flavor | Version | Tinstall | Tcheck | Ttotal | Status | Flags |
|---|---|---|---|---|---|---|
| r-devel-linux-x86_64-debian-clang | 1.0.0 | 4.78 | 50.17 | 54.95 | NOTE | |
| r-devel-linux-x86_64-debian-gcc | 1.0.0 | 3.71 | 37.81 | 41.52 | OK | |
| r-devel-linux-x86_64-fedora-clang | 1.0.0 | 13.00 | 73.96 | 86.96 | OK | |
| r-devel-linux-x86_64-fedora-gcc | 1.0.0 | 11.00 | 68.96 | 79.96 | OK | |
| r-devel-windows-x86_64 | 1.0.0 | 7.00 | 64.00 | 71.00 | OK | |
| r-patched-linux-x86_64 | 1.0.0 | 4.84 | 48.24 | 53.08 | OK | |
| r-release-linux-x86_64 | 1.0.0 | 4.55 | 46.43 | 50.98 | OK | |
| r-release-macos-arm64 | 1.0.0 | 2.00 | 20.00 | 22.00 | OK | |
| r-release-macos-x86_64 | 1.0.0 | 3.00 | 32.00 | 35.00 | OK | |
| r-release-windows-x86_64 | 1.0.0 | 7.00 | 62.00 | 69.00 | OK | |
| r-oldrel-macos-arm64 | 1.0.0 | 2.00 | 19.00 | 21.00 | OK | |
| r-oldrel-macos-x86_64 | 1.0.0 | 3.00 | 27.00 | 30.00 | OK | |
| r-oldrel-windows-x86_64 | 1.0.0 | 10.00 | 77.00 | 87.00 | OK |
Version: 1.0.0
Check: HTML version of manual
Result: NOTE
Found the following HTML validation problems:
conesa_cols.html:46:1 (conesa_cols.Rd:10): Warning: missing </ul> before </div>
Flavor: r-devel-linux-x86_64-debian-clang