Last updated on 2025-07-21 08:50:14 CEST.
Flavor | Version | Tinstall | Tcheck | Ttotal | Status | Flags |
---|---|---|---|---|---|---|
r-devel-linux-x86_64-debian-clang | 0.4.1 | 2.98 | 32.08 | 35.06 | OK | |
r-devel-linux-x86_64-debian-gcc | 0.4.1 | 2.24 | 23.72 | 25.96 | OK | |
r-devel-linux-x86_64-fedora-clang | 0.4.1 | 55.15 | OK | |||
r-devel-linux-x86_64-fedora-gcc | 0.4.1 | 51.53 | OK | |||
r-devel-windows-x86_64 | 0.4.1 | 4.00 | 47.00 | 51.00 | OK | |
r-patched-linux-x86_64 | 0.4.1 | 3.30 | 30.10 | 33.40 | OK | |
r-release-linux-x86_64 | 0.4.1 | 3.44 | 29.62 | 33.06 | OK | |
r-release-macos-arm64 | 0.4.1 | 22.00 | OK | |||
r-release-macos-x86_64 | 0.4.1 | 49.00 | OK | |||
r-release-windows-x86_64 | 0.4.1 | 5.00 | 48.00 | 53.00 | OK | |
r-oldrel-macos-arm64 | 0.4.1 | 19.00 | NOTE | |||
r-oldrel-macos-x86_64 | 0.4.1 | 29.00 | NOTE | |||
r-oldrel-windows-x86_64 | 0.4.1 | 5.00 | 59.00 | 64.00 | NOTE |
Version: 0.4.1
Check: LazyData
Result: NOTE
'LazyData' is specified without a 'data' directory
Flavors: r-oldrel-macos-arm64, r-oldrel-macos-x86_64, r-oldrel-windows-x86_64