Last updated on 2025-07-22 08:48:42 CEST.
Flavor | Version | Tinstall | Tcheck | Ttotal | Status | Flags |
---|---|---|---|---|---|---|
r-devel-linux-x86_64-debian-clang | 1.1.1 | 10.41 | 86.71 | 97.12 | OK | |
r-devel-linux-x86_64-debian-gcc | 1.1.1 | 7.42 | 56.72 | 64.14 | ERROR | |
r-devel-linux-x86_64-fedora-clang | 1.1.1 | 191.03 | OK | |||
r-devel-linux-x86_64-fedora-gcc | 1.1.1 | 198.88 | OK | |||
r-devel-windows-x86_64 | 1.1.1 | 13.00 | 100.00 | 113.00 | OK | |
r-patched-linux-x86_64 | 1.1.1 | 9.18 | 76.45 | 85.63 | OK | |
r-release-linux-x86_64 | 1.1.1 | 8.23 | 76.13 | 84.36 | OK | |
r-release-macos-arm64 | 1.1.1 | 71.00 | OK | |||
r-release-macos-x86_64 | 1.1.1 | 103.00 | OK | |||
r-release-windows-x86_64 | 1.1.1 | 13.00 | 102.00 | 115.00 | OK | |
r-oldrel-macos-arm64 | 1.1.1 | 53.00 | OK | |||
r-oldrel-macos-x86_64 | 1.1.1 | 76.00 | OK | |||
r-oldrel-windows-x86_64 | 1.1.1 | 17.00 | 130.00 | 147.00 | OK |
Version: 1.1.1
Check: whether the package can be loaded
Result: ERROR
Error in python_config_impl(python) :
Error running '/tmp/check-CRAN-regular-hornik/cache/R/reticulate/uv/cache/builds-v0/.tmpMmfL2k/bin/python': No such file.
In addition: Warning message:
In normalizePath(python_home) :
path[1]="/tmp/check-CRAN-regular-hornik/cache/R/reticulate/uv/cache/builds-v0/.tmpMmfL2k/bin": No such file or directory
If the 'RGF' package gives the following error: 'attempt to apply non-function' then make sure to open a new R session and run 'reticulate::py_config()' before loading the package!
It looks like this package has a loading problem: see the messages for
details.
Flavor: r-devel-linux-x86_64-debian-gcc
Version: 1.1.1
Check: whether the package can be loaded with stated dependencies
Result: WARN
Error in python_config_impl(python) :
Error running '/tmp/check-CRAN-regular-hornik/cache/R/reticulate/uv/cache/builds-v0/.tmpUNaJlT/bin/python': No such file.
In addition: Warning message:
In normalizePath(python_home) :
path[1]="/tmp/check-CRAN-regular-hornik/cache/R/reticulate/uv/cache/builds-v0/.tmpUNaJlT/bin": No such file or directory
If the 'RGF' package gives the following error: 'attempt to apply non-function' then make sure to open a new R session and run 'reticulate::py_config()' before loading the package!
It looks like this package (or one of its dependent packages) has an
unstated dependence on a standard package. All dependencies must be
declared in DESCRIPTION.
See section ‘The DESCRIPTION file’ in the ‘Writing R Extensions’
manual.
Flavor: r-devel-linux-x86_64-debian-gcc
Version: 1.1.1
Check: whether the package can be unloaded cleanly
Result: WARN
---- unloading
Flavor: r-devel-linux-x86_64-debian-gcc
Version: 1.1.1
Check: whether the namespace can be loaded with stated dependencies
Result: WARN
Warning in normalizePath(python_home) :
path[1]="/tmp/check-CRAN-regular-hornik/cache/R/reticulate/uv/cache/builds-v0/.tmpSclTxV/bin": No such file or directory
Error in python_config_impl(python) :
Error running '/tmp/check-CRAN-regular-hornik/cache/R/reticulate/uv/cache/builds-v0/.tmpSclTxV/bin/python': No such file.
A namespace must be able to be loaded with just the base namespace
loaded: otherwise if the namespace gets loaded by a saved object, the
session will be unable to start.
Probably some imports need to be declared in the NAMESPACE file.
Flavor: r-devel-linux-x86_64-debian-gcc
Version: 1.1.1
Check: whether the namespace can be unloaded cleanly
Result: WARN
---- unloading
Flavor: r-devel-linux-x86_64-debian-gcc
Version: 1.1.1
Check: loading without being on the library search path
Result: WARN
Error in python_config_impl(python) :
Error running '/tmp/check-CRAN-regular-hornik/cache/R/reticulate/uv/cache/builds-v0/.tmpzUxTbT/bin/python': No such file.
In addition: Warning message:
In normalizePath(python_home) :
path[1]="/tmp/check-CRAN-regular-hornik/cache/R/reticulate/uv/cache/builds-v0/.tmpzUxTbT/bin": No such file or directory
If the 'RGF' package gives the following error: 'attempt to apply non-function' then make sure to open a new R session and run 'reticulate::py_config()' before loading the package!
It looks like this package has a loading problem when not on .libPaths:
see the messages for details.
Flavor: r-devel-linux-x86_64-debian-gcc
Version: 1.1.1
Check: whether startup messages can be suppressed
Result: NOTE
Error in python_config_impl(python) :
Error running '/tmp/check-CRAN-regular-hornik/cache/R/reticulate/uv/cache/builds-v0/.tmpvB6U13/bin/python': No such file.
It looks like this package (or a package it requires) has a startup
message which cannot be suppressed: see ?packageStartupMessage.
Flavor: r-devel-linux-x86_64-debian-gcc
Version: 1.1.1
Check: R code for possible problems
Result: NOTE
Error in python_config_impl(python) :
Error running '/tmp/check-CRAN-regular-hornik/cache/R/reticulate/uv/cache/builds-v0/.tmpC77onr/bin/python': No such file.
Flavor: r-devel-linux-x86_64-debian-gcc