Last updated on 2025-07-20 11:50:12 CEST.
Flavor | Version | Tinstall | Tcheck | Ttotal | Status | Flags |
---|---|---|---|---|---|---|
r-devel-linux-x86_64-debian-clang | 0.1.0 | 22.39 | 36.48 | 58.87 | NOTE | |
r-devel-linux-x86_64-debian-gcc | 0.1.0 | 15.06 | 29.45 | 44.51 | NOTE | |
r-devel-linux-x86_64-fedora-clang | 0.1.0 | 107.19 | OK | |||
r-devel-linux-x86_64-fedora-gcc | 0.1.0 | 95.58 | OK | |||
r-devel-windows-x86_64 | 0.1.0 | 28.00 | 77.00 | 105.00 | OK | |
r-patched-linux-x86_64 | 0.1.0 | 22.05 | 37.17 | 59.22 | OK | |
r-release-linux-x86_64 | 0.1.0 | 21.57 | 37.61 | 59.18 | OK | |
r-release-macos-arm64 | 0.1.0 | 29.00 | OK | |||
r-release-macos-x86_64 | 0.1.0 | 50.00 | OK | |||
r-release-windows-x86_64 | 0.1.0 | 26.00 | 73.00 | 99.00 | OK | |
r-oldrel-macos-arm64 | 0.1.0 | 30.00 | OK | |||
r-oldrel-macos-x86_64 | 0.1.0 | 42.00 | OK | |||
r-oldrel-windows-x86_64 | 0.1.0 | 28.00 | 89.00 | 117.00 | OK |
Version: 0.1.0
Check: CRAN incoming feasibility
Result: NOTE
Maintainer: ‘Lorenzo Rimella <lorenzo.rimella@hotmail.it>’
No Authors@R field in DESCRIPTION.
Please add one, modifying
Authors@R: person(given = "Lorenzo",
family = "Rimella",
role = c("aut", "cre"),
email = "lorenzo.rimella@hotmail.it")
as necessary.
Flavors: r-devel-linux-x86_64-debian-clang, r-devel-linux-x86_64-debian-gcc