Last updated on 2025-10-22 05:51:25 CEST.
Flavor | Version | Tinstall | Tcheck | Ttotal | Status | Flags |
---|---|---|---|---|---|---|
r-devel-linux-x86_64-debian-clang | 0.1.1 | 5.24 | 54.50 | 59.74 | NOTE | |
r-devel-linux-x86_64-debian-gcc | 0.1.1 | 3.71 | 39.49 | 43.20 | NOTE | |
r-devel-linux-x86_64-fedora-clang | 0.1.1 | 12.00 | 77.56 | 89.56 | OK | |
r-devel-linux-x86_64-fedora-gcc | 0.1.1 | 10.00 | 73.54 | 83.54 | OK | |
r-devel-windows-x86_64 | 0.1.1 | 7.00 | 63.00 | 70.00 | OK | |
r-patched-linux-x86_64 | 0.1.1 | 5.40 | 49.48 | 54.88 | OK | |
r-release-linux-x86_64 | 0.1.1 | 5.30 | 49.23 | 54.53 | OK | |
r-release-macos-arm64 | 0.1.1 | 2.00 | 21.00 | 23.00 | OK | |
r-release-macos-x86_64 | 0.1.1 | 4.00 | 35.00 | 39.00 | OK | |
r-release-windows-x86_64 | 0.1.1 | 8.00 | 64.00 | 72.00 | OK | |
r-oldrel-macos-arm64 | 0.1.1 | 2.00 | 22.00 | 24.00 | NOTE | |
r-oldrel-macos-x86_64 | 0.1.1 | 3.00 | 38.00 | 41.00 | NOTE | |
r-oldrel-windows-x86_64 | 0.1.1 | 9.00 | 78.00 | 87.00 | NOTE |
Version: 0.1.1
Check: CRAN incoming feasibility
Result: NOTE
Maintainer: ‘Joel Carlson <jnkcarlson@gmail.com>’
No Authors@R field in DESCRIPTION.
Please add one, modifying
Authors@R: person(given = "Joel",
family = "Carlson",
role = c("aut", "cre"),
email = "jnkcarlson@gmail.com")
as necessary.
Flavors: r-devel-linux-x86_64-debian-clang, r-devel-linux-x86_64-debian-gcc
Version: 0.1.1
Check: LazyData
Result: NOTE
'LazyData' is specified without a 'data' directory
Flavors: r-oldrel-macos-arm64, r-oldrel-macos-x86_64, r-oldrel-windows-x86_64