Last updated on 2025-10-24 04:51:07 CEST.
| Flavor | Version | Tinstall | Tcheck | Ttotal | Status | Flags |
|---|---|---|---|---|---|---|
| r-devel-linux-x86_64-debian-clang | 1.3.9.3 | 8.71 | 85.94 | 94.65 | NOTE | |
| r-devel-linux-x86_64-debian-gcc | 1.3.9.3 | 7.35 | 63.08 | 70.43 | NOTE | |
| r-devel-linux-x86_64-fedora-clang | 1.3.9.3 | 19.00 | 120.99 | 139.99 | OK | |
| r-devel-linux-x86_64-fedora-gcc | 1.3.9.3 | 21.00 | 117.28 | 138.28 | OK | |
| r-devel-windows-x86_64 | 1.3.9.3 | 11.00 | 110.00 | 121.00 | OK | |
| r-patched-linux-x86_64 | 1.3.9.3 | 10.84 | 82.49 | 93.33 | OK | |
| r-release-linux-x86_64 | 1.3.9.3 | 8.67 | 81.92 | 90.59 | OK | |
| r-release-macos-arm64 | 1.3.9.3 | 5.00 | 38.00 | 43.00 | OK | |
| r-release-macos-x86_64 | 1.3.9.3 | 8.00 | 69.00 | 77.00 | OK | |
| r-release-windows-x86_64 | 1.3.9.3 | 11.00 | 111.00 | 122.00 | OK | |
| r-oldrel-macos-arm64 | 1.3.9.3 | 5.00 | 45.00 | 50.00 | OK | |
| r-oldrel-macos-x86_64 | 1.3.9.3 | 9.00 | 85.00 | 94.00 | OK | |
| r-oldrel-windows-x86_64 | 1.3.9.3 | 17.00 | 130.00 | 147.00 | OK |
Version: 1.3.9.3
Check: HTML version of manual
Result: NOTE
Found the following HTML validation problems:
months_f.html:50:1 (months_f.Rd:12): Warning: missing </ul> before </div>
Flavor: r-devel-linux-x86_64-debian-clang
Version: 1.3.9.3
Check: Rd files
Result: NOTE
checkRd: (-1) RMAWGEN-package.Rd:24-35: Only 2 columns allowed in this table (row 7 has 1)
Flavor: r-devel-linux-x86_64-debian-gcc