CRAN Package Check Results for Package ROpenDota

Last updated on 2025-10-24 04:51:07 CEST.

Flavor Version Tinstall Tcheck Ttotal Status Flags
r-devel-linux-x86_64-debian-clang 0.1.2 2.29 27.68 29.97 OK
r-devel-linux-x86_64-debian-gcc 0.1.2 2.14 22.98 25.12 OK
r-devel-linux-x86_64-fedora-clang 0.1.2 42.94 OK
r-devel-linux-x86_64-fedora-gcc 0.1.2 40.76 OK
r-devel-windows-x86_64 0.1.2 3.00 46.00 49.00 OK
r-patched-linux-x86_64 0.1.2 2.83 25.39 28.22 OK
r-release-linux-x86_64 0.1.2 2.64 24.85 27.49 OK
r-release-macos-arm64 0.1.2 1.00 17.00 18.00 OK
r-release-macos-x86_64 0.1.2 2.00 28.00 30.00 OK
r-release-windows-x86_64 0.1.2 4.00 49.00 53.00 OK
r-oldrel-macos-arm64 0.1.2 1.00 16.00 17.00 NOTE
r-oldrel-macos-x86_64 0.1.2 2.00 23.00 25.00 NOTE
r-oldrel-windows-x86_64 0.1.2 4.00 53.00 57.00 NOTE

Check Details

Version: 0.1.2
Check: LazyData
Result: NOTE 'LazyData' is specified without a 'data' directory Flavors: r-oldrel-macos-arm64, r-oldrel-macos-x86_64, r-oldrel-windows-x86_64