Last updated on 2025-10-24 04:51:07 CEST.
| Flavor | Version | Tinstall | Tcheck | Ttotal | Status | Flags |
|---|---|---|---|---|---|---|
| r-devel-linux-x86_64-debian-clang | 1.0.0 | 2.13 | 40.98 | 43.11 | OK | |
| r-devel-linux-x86_64-debian-gcc | 1.0.0 | 1.42 | 31.33 | 32.75 | OK | |
| r-devel-linux-x86_64-fedora-clang | 1.0.0 | 71.68 | OK | |||
| r-devel-linux-x86_64-fedora-gcc | 1.0.0 | 78.17 | OK | |||
| r-devel-windows-x86_64 | 1.0.0 | 5.00 | 54.00 | 59.00 | OK | |
| r-patched-linux-x86_64 | 1.0.0 | 2.02 | 39.22 | 41.24 | OK | |
| r-release-linux-x86_64 | 1.0.0 | 1.41 | 39.45 | 40.86 | OK | |
| r-release-macos-arm64 | 1.0.0 | 1.00 | 37.00 | 38.00 | OK | |
| r-release-macos-x86_64 | 1.0.0 | 2.00 | 74.00 | 76.00 | OK | |
| r-release-windows-x86_64 | 1.0.0 | 4.00 | 57.00 | 61.00 | OK | |
| r-oldrel-macos-arm64 | 1.0.0 | 1.00 | 24.00 | 25.00 | NOTE | |
| r-oldrel-macos-x86_64 | 1.0.0 | 1.00 | 38.00 | 39.00 | NOTE | |
| r-oldrel-windows-x86_64 | 1.0.0 | 5.00 | 64.00 | 69.00 | NOTE |
Version: 1.0.0
Check: LazyData
Result: NOTE
'LazyData' is specified without a 'data' directory
Flavors: r-oldrel-macos-arm64, r-oldrel-macos-x86_64, r-oldrel-windows-x86_64