Last updated on 2025-10-22 05:51:25 CEST.
Flavor | Version | Tinstall | Tcheck | Ttotal | Status | Flags |
---|---|---|---|---|---|---|
r-devel-linux-x86_64-debian-clang | 1.1.3 | 8.26 | 79.30 | 87.56 | NOTE | |
r-devel-linux-x86_64-debian-gcc | 1.1.3 | 5.36 | 55.04 | 60.40 | NOTE | |
r-devel-linux-x86_64-fedora-clang | 1.1.3 | 19.00 | 117.48 | 136.48 | OK | |
r-devel-linux-x86_64-fedora-gcc | 1.1.3 | 16.00 | 111.36 | 127.36 | OK | |
r-devel-windows-x86_64 | 1.1.3 | 11.00 | 84.00 | 95.00 | OK | |
r-patched-linux-x86_64 | 1.1.3 | 7.93 | 73.89 | 81.82 | OK | |
r-release-linux-x86_64 | 1.1.3 | 8.33 | 74.80 | 83.13 | OK | |
r-release-macos-arm64 | 1.1.3 | 3.00 | 29.00 | 32.00 | OK | |
r-release-macos-x86_64 | 1.1.3 | 10.00 | 57.00 | 67.00 | OK | |
r-release-windows-x86_64 | 1.1.3 | 12.00 | 88.00 | 100.00 | OK | |
r-oldrel-macos-arm64 | 1.1.3 | 3.00 | 30.00 | 33.00 | OK | |
r-oldrel-macos-x86_64 | 1.1.3 | 6.00 | 47.00 | 53.00 | OK | |
r-oldrel-windows-x86_64 | 1.1.3 | 13.00 | 107.00 | 120.00 | OK |
Version: 1.1.3
Check: HTML version of manual
Result: NOTE
Found the following HTML validation problems:
result2CSV.html:51:1 (result2CSV.Rd:13): Warning: missing </ul> before </div>
shinyAppServer.html:52:1 (shinyAppServer.Rd:14): Warning: missing </ul> before </div>
summary-SimResult-method.html:48:1 (summary-SimResult-method.Rd:11): Warning: missing </ul> before </div>
Flavors: r-devel-linux-x86_64-debian-clang, r-devel-linux-x86_64-debian-gcc