Last updated on 2025-07-21 08:50:15 CEST.
Flavor | Version | Tinstall | Tcheck | Ttotal | Status | Flags |
---|---|---|---|---|---|---|
r-devel-linux-x86_64-debian-clang | 2.4.1 | 139.60 | 69.14 | 208.74 | OK | |
r-devel-linux-x86_64-debian-gcc | 2.4.2 | 125.30 | 51.22 | 176.52 | OK | |
r-devel-linux-x86_64-fedora-clang | 2.4.2 | 366.41 | OK | |||
r-devel-linux-x86_64-fedora-gcc | 2.4.2 | 375.68 | OK | |||
r-devel-windows-x86_64 | 2.4.2 | 211.00 | 117.00 | 328.00 | OK | |
r-patched-linux-x86_64 | 2.4.1 | 178.59 | 66.56 | 245.15 | OK | |
r-release-linux-x86_64 | 2.4.1 | 171.95 | 66.12 | 238.07 | OK | |
r-release-macos-arm64 | 2.4.1 | 113.00 | OK | |||
r-release-macos-x86_64 | 2.4.2 | 182.00 | OK | |||
r-release-windows-x86_64 | 2.4.2 | 160.00 | 133.00 | 293.00 | OK | |
r-oldrel-macos-arm64 | 2.4.1 | 121.00 | NOTE | |||
r-oldrel-macos-x86_64 | 2.4.2 | 181.00 | NOTE | |||
r-oldrel-windows-x86_64 | 2.4.2 | 173.00 | 148.00 | 321.00 | OK |
Version: 2.4.1
Check: installed package size
Result: NOTE
installed size is 12.6Mb
sub-directories of 1Mb or more:
libs 11.8Mb
Flavor: r-oldrel-macos-arm64
Version: 2.4.2
Check: installed package size
Result: NOTE
installed size is 12.3Mb
sub-directories of 1Mb or more:
libs 11.6Mb
Flavor: r-oldrel-macos-x86_64