Last updated on 2025-07-22 08:48:43 CEST.
Flavor | Version | Tinstall | Tcheck | Ttotal | Status | Flags |
---|---|---|---|---|---|---|
r-devel-linux-x86_64-debian-clang | 0.3.0 | 34.81 | 180.90 | 215.71 | OK | |
r-devel-linux-x86_64-debian-gcc | 0.3.0 | 29.74 | 127.95 | 157.69 | OK | |
r-devel-linux-x86_64-fedora-clang | 0.3.0 | 335.15 | OK | |||
r-devel-linux-x86_64-fedora-gcc | 0.3.0 | 327.82 | OK | |||
r-devel-windows-x86_64 | 0.3.0 | 31.00 | 159.00 | 190.00 | OK | |
r-patched-linux-x86_64 | 0.3.0 | 37.34 | 169.69 | 207.03 | OK | |
r-release-linux-x86_64 | 0.3.0 | 35.35 | 169.49 | 204.84 | OK | |
r-release-macos-arm64 | 0.3.0 | 77.00 | OK | |||
r-release-macos-x86_64 | 0.3.0 | 170.00 | OK | |||
r-release-windows-x86_64 | 0.3.0 | 31.00 | 160.00 | 191.00 | OK | |
r-oldrel-macos-arm64 | 0.3.0 | 81.00 | NOTE | |||
r-oldrel-macos-x86_64 | 0.3.0 | 179.00 | NOTE | |||
r-oldrel-windows-x86_64 | 0.3.0 | 41.00 | 201.00 | 242.00 | NOTE |
Version: 0.3.0
Check: package dependencies
Result: NOTE
Package suggested but not available for checking: ‘cmdstanr’
Flavors: r-oldrel-macos-arm64, r-oldrel-macos-x86_64, r-oldrel-windows-x86_64