Last updated on 2025-10-22 05:51:26 CEST.
Flavor | Version | Tinstall | Tcheck | Ttotal | Status | Flags |
---|---|---|---|---|---|---|
r-devel-linux-x86_64-debian-clang | 5.2.6 | 7.58 | 66.88 | 74.46 | NOTE | |
r-devel-linux-x86_64-debian-gcc | 5.2.6 | 5.54 | 48.38 | 53.92 | NOTE | |
r-devel-linux-x86_64-fedora-clang | 5.2.6 | 17.00 | 92.38 | 109.38 | OK | |
r-devel-linux-x86_64-fedora-gcc | 5.2.6 | 16.00 | 104.38 | 120.38 | OK | |
r-devel-windows-x86_64 | 5.2.6 | 10.00 | 84.00 | 94.00 | OK | |
r-patched-linux-x86_64 | 5.2.6 | 9.03 | 62.56 | 71.59 | OK | |
r-release-linux-x86_64 | 5.2.6 | 7.83 | 62.53 | 70.36 | OK | |
r-release-macos-arm64 | 5.2.6 | 3.00 | 46.00 | 49.00 | OK | |
r-release-macos-x86_64 | 5.2.6 | 8.00 | 82.00 | 90.00 | OK | |
r-release-windows-x86_64 | 5.2.6 | 11.00 | 85.00 | 96.00 | OK | |
r-oldrel-macos-arm64 | 5.2.6 | 3.00 | 52.00 | 55.00 | OK | |
r-oldrel-macos-x86_64 | 5.2.6 | 6.00 | 86.00 | 92.00 | OK | |
r-oldrel-windows-x86_64 | 5.2.6 | 14.00 | 103.00 | 117.00 | OK |
Version: 5.2.6
Check: HTML version of manual
Result: NOTE
Found the following HTML validation problems:
funmaintext.html:122:1 (funmaintext.Rd:54): Warning: missing </ul> before </div>
s_hs.html:89:1 (s_hs.Rd:33): Warning: missing </ul> before </div>
Flavors: r-devel-linux-x86_64-debian-clang, r-devel-linux-x86_64-debian-gcc