Last updated on 2025-10-24 04:51:06 CEST.
| Flavor | Version | Tinstall | Tcheck | Ttotal | Status | Flags |
|---|---|---|---|---|---|---|
| r-devel-linux-x86_64-debian-clang | 2.9-5 | 41.00 | 246.70 | 287.70 | OK | |
| r-devel-linux-x86_64-debian-gcc | 2.9-5 | 27.43 | 178.03 | 205.46 | OK | |
| r-devel-linux-x86_64-fedora-clang | 2.9-5 | 210.00 | 280.75 | 490.75 | OK | |
| r-devel-linux-x86_64-fedora-gcc | 2.9-5 | 109.00 | 343.10 | 452.10 | OK | |
| r-devel-windows-x86_64 | 2.9-5 | 38.00 | 357.00 | 395.00 | OK | |
| r-patched-linux-x86_64 | 2.9-5 | 45.68 | 247.66 | 293.34 | OK | |
| r-release-linux-x86_64 | 2.9-5 | 39.94 | 249.79 | 289.73 | OK | |
| r-release-macos-arm64 | 2.9-5 | 32.00 | 151.00 | 183.00 | OK | |
| r-release-macos-x86_64 | 2.9-5 | 38.00 | 227.00 | 265.00 | OK | |
| r-release-windows-x86_64 | 2.9-5 | 39.00 | 231.00 | 270.00 | OK | |
| r-oldrel-macos-arm64 | 2.9-5 | 30.00 | 86.00 | 116.00 | NOTE | |
| r-oldrel-macos-x86_64 | 2.9-5 | 37.00 | 148.00 | 185.00 | NOTE | |
| r-oldrel-windows-x86_64 | 2.9-5 | 53.00 | 342.00 | 395.00 | NOTE |
Version: 2.9-5
Check: installed package size
Result: NOTE
installed size is 9.6Mb
sub-directories of 1Mb or more:
R 2.0Mb
doc 4.5Mb
po 2.4Mb
Flavors: r-oldrel-macos-arm64, r-oldrel-macos-x86_64, r-oldrel-windows-x86_64