CRAN Package Check Results for Package RcmdrPlugin.depthTools

Last updated on 2025-07-16 06:51:49 CEST.

Flavor Version Tinstall Tcheck Ttotal Status Flags
r-devel-linux-x86_64-debian-clang 1.4 17.56 136.24 153.80 NOTE
r-devel-linux-x86_64-debian-gcc 1.4 13.32 105.55 118.87 NOTE
r-devel-linux-x86_64-fedora-clang 1.4 243.43 OK
r-devel-linux-x86_64-fedora-gcc 1.4 232.75 OK
r-devel-windows-x86_64 1.4 22.00 204.00 226.00 OK
r-patched-linux-x86_64 1.4 16.49 129.91 146.40 OK
r-release-linux-x86_64 1.4 14.51 129.16 143.67 OK
r-release-macos-arm64 1.4 72.00 OK
r-release-macos-x86_64 1.4 135.00 OK
r-release-windows-x86_64 1.4 19.00 210.00 229.00 OK
r-oldrel-macos-arm64 1.4 69.00 OK
r-oldrel-macos-x86_64 1.4 101.00 OK
r-oldrel-windows-x86_64 1.4 23.00 179.00 202.00 OK

Check Details

Version: 1.4
Check: CRAN incoming feasibility
Result: NOTE Maintainer: ‘Aurora Torrente <etorrent@est-econ.uc3m.es>’ No Authors@R field in DESCRIPTION. Please add one, modifying Authors@R: c(person(given = "Sara", family = "Lopez-Pintado", role = "aut", email = "sl2929@columbia.edu"), person(given = "Aurora", family = "Torrente.", role = "aut", email = "etorrent@est-econ.uc3m.es"), person(given = "Aurora", family = "Torrente", role = "cre", email = "etorrent@est-econ.uc3m.es")) as necessary. Flavors: r-devel-linux-x86_64-debian-clang, r-devel-linux-x86_64-debian-gcc