Last updated on 2025-10-22 05:51:23 CEST.
Flavor | Version | Tinstall | Tcheck | Ttotal | Status | Flags |
---|---|---|---|---|---|---|
r-devel-linux-x86_64-debian-clang | 6.1 | 3.94 | 31.18 | 35.12 | OK | |
r-devel-linux-x86_64-debian-gcc | 6.1 | 3.22 | 25.40 | 28.62 | OK | |
r-devel-linux-x86_64-fedora-clang | 6.1 | 17.00 | 42.92 | 59.92 | OK | |
r-devel-linux-x86_64-fedora-gcc | 6.1 | 70.19 | OK | |||
r-devel-windows-x86_64 | 6.1 | 43.00 | 57.00 | 100.00 | OK | |
r-patched-linux-x86_64 | 6.1 | 3.07 | 28.73 | 31.80 | OK | |
r-release-linux-x86_64 | 6.1 | 3.65 | 29.78 | 33.43 | OK | |
r-release-macos-arm64 | 6.1 | 6.00 | 109.00 | 115.00 | OK | |
r-release-macos-x86_64 | 6.1 | 11.00 | 134.00 | 145.00 | OK | |
r-release-windows-x86_64 | 6.1 | 58.00 | 53.00 | 111.00 | OK | |
r-oldrel-macos-arm64 | 6.1 | 6.00 | 130.00 | 136.00 | NOTE | |
r-oldrel-macos-x86_64 | 6.1 | 14.00 | 123.00 | 137.00 | NOTE | |
r-oldrel-windows-x86_64 | 6.1 | 53.00 | 66.00 | 119.00 | NOTE |
Version: 6.1
Check: installed package size
Result: NOTE
installed size is 47.7Mb
sub-directories of 1Mb or more:
include 47.5Mb
Flavors: r-oldrel-macos-arm64, r-oldrel-macos-x86_64, r-oldrel-windows-x86_64