Last updated on 2025-10-22 05:51:23 CEST.
Flavor | Version | Tinstall | Tcheck | Ttotal | Status | Flags |
---|---|---|---|---|---|---|
r-devel-linux-x86_64-debian-clang | 0.6.10 | 44.55 | 59.13 | 103.68 | NOTE | |
r-devel-linux-x86_64-debian-gcc | 0.6.10 | 34.92 | 43.89 | 78.81 | NOTE | |
r-devel-linux-x86_64-fedora-clang | 0.6.10 | 82.00 | 79.72 | 161.72 | OK | |
r-devel-linux-x86_64-fedora-gcc | 0.6.10 | 102.00 | 90.37 | 192.37 | OK | |
r-devel-windows-x86_64 | 0.6.10 | 142.00 | 120.00 | 262.00 | OK | |
r-patched-linux-x86_64 | 0.6.10 | 48.07 | 55.10 | 103.17 | OK | |
r-release-linux-x86_64 | 0.6.10 | 46.99 | 54.83 | 101.82 | OK | |
r-release-macos-arm64 | 0.6.10 | 23.00 | 34.00 | 57.00 | OK | |
r-release-macos-x86_64 | 0.6.10 | 25.00 | 81.00 | 106.00 | OK | |
r-release-windows-x86_64 | 0.6.10 | 135.00 | 127.00 | 262.00 | OK | |
r-oldrel-macos-arm64 | 0.6.10 | 32.00 | 128.00 | 160.00 | NOTE | |
r-oldrel-macos-x86_64 | 0.6.10 | 22.00 | 78.00 | 100.00 | NOTE | |
r-oldrel-windows-x86_64 | 0.6.10 | 145.00 | 136.00 | 281.00 | NOTE |
Version: 0.6.10
Check: HTML version of manual
Result: NOTE
Found the following HTML validation problems:
checks.html:120:1 (checks.Rd:70): Warning: missing </ul> before </div>
cl_functions.html:86:1 (cl_functions.Rd:38): Warning: missing </ul> before </div>
get_pkg_registry.html:46:1 (get_pkg_registry.Rd:10): Warning: missing </ul> before </div>
subcorpus_get_ranges.html:47:1 (subcorpus_get_ranges.Rd:11): Warning: missing </ul> before </div>
tmp_registry.html:49:1 (tmp_registry.Rd:13): Warning: missing </ul> before </div>
Flavors: r-devel-linux-x86_64-debian-clang, r-devel-linux-x86_64-debian-gcc
Version: 0.6.10
Check: installed package size
Result: NOTE
installed size is 7.5Mb
sub-directories of 1Mb or more:
libs 6.2Mb
Flavors: r-oldrel-macos-arm64, r-oldrel-macos-x86_64, r-oldrel-windows-x86_64
Version: 0.6.10
Check: for GNU extensions in Makefiles
Result: NOTE
GNU make is a SystemRequirements.
Flavors: r-oldrel-macos-arm64, r-oldrel-macos-x86_64, r-oldrel-windows-x86_64