Last updated on 2025-07-16 06:51:49 CEST.
Flavor | Version | Tinstall | Tcheck | Ttotal | Status | Flags |
---|---|---|---|---|---|---|
r-devel-linux-x86_64-debian-clang | 2.0.12 | 180.73 | 192.10 | 372.83 | OK | |
r-devel-linux-x86_64-debian-gcc | 2.0.13 | 132.10 | 155.35 | 287.45 | OK | |
r-devel-linux-x86_64-fedora-clang | 2.0.13 | 672.14 | OK | |||
r-devel-linux-x86_64-fedora-gcc | 2.0.13 | 625.44 | OK | |||
r-devel-windows-x86_64 | 2.0.13 | 546.00 | 351.00 | 897.00 | OK | |
r-patched-linux-x86_64 | 2.0.12 | 187.81 | 131.62 | 319.43 | OK | |
r-release-linux-x86_64 | 2.0.12 | 185.46 | 132.08 | 317.54 | OK | |
r-release-macos-arm64 | 2.0.12 | 145.00 | OK | |||
r-release-macos-x86_64 | 2.0.13 | 235.00 | OK | |||
r-release-windows-x86_64 | 2.0.13 | 468.00 | 345.00 | 813.00 | OK | |
r-oldrel-macos-arm64 | 2.0.12 | 143.00 | NOTE | |||
r-oldrel-macos-x86_64 | 2.0.13 | 245.00 | NOTE | |||
r-oldrel-windows-x86_64 | 2.0.13 | 565.00 | 478.00 | 1043.00 | NOTE |
Version: 2.0.12
Check: installed package size
Result: NOTE
installed size is 27.5Mb
sub-directories of 1Mb or more:
libs 25.4Mb
Flavor: r-oldrel-macos-arm64
Version: 2.0.12
Check: for GNU extensions in Makefiles
Result: NOTE
GNU make is a SystemRequirements.
Flavor: r-oldrel-macos-arm64
Version: 2.0.13
Check: installed package size
Result: NOTE
installed size is 27.1Mb
sub-directories of 1Mb or more:
libs 25.0Mb
Flavors: r-oldrel-macos-x86_64, r-oldrel-windows-x86_64
Version: 2.0.13
Check: for GNU extensions in Makefiles
Result: NOTE
GNU make is a SystemRequirements.
Flavor: r-oldrel-macos-x86_64