Last updated on 2025-10-24 04:51:06 CEST.
| Flavor | Version | Tinstall | Tcheck | Ttotal | Status | Flags |
|---|---|---|---|---|---|---|
| r-devel-linux-x86_64-debian-clang | 0.1.14 | 82.00 | 42.42 | 124.42 | OK | |
| r-devel-linux-x86_64-debian-gcc | 0.1.14 | 68.72 | 32.14 | 100.86 | OK | |
| r-devel-linux-x86_64-fedora-clang | 0.1.14 | 254.00 | -24.75 | 229.25 | OK | |
| r-devel-linux-x86_64-fedora-gcc | 0.1.14 | 126.00 | 121.43 | 247.43 | OK | |
| r-devel-windows-x86_64 | 0.1.14 | 88.00 | 95.00 | 183.00 | OK | |
| r-patched-linux-x86_64 | 0.1.14 | 93.44 | 38.98 | 132.42 | OK | |
| r-release-linux-x86_64 | 0.1.14 | 97.84 | 39.39 | 137.23 | OK | |
| r-release-macos-arm64 | 0.1.14 | 33.00 | 50.00 | 83.00 | OK | |
| r-release-macos-x86_64 | 0.1.14 | 59.00 | 69.00 | 128.00 | OK | |
| r-release-windows-x86_64 | 0.1.14 | 85.00 | 89.00 | 174.00 | OK | |
| r-oldrel-macos-arm64 | 0.1.14 | 33.00 | 49.00 | 82.00 | NOTE | |
| r-oldrel-macos-x86_64 | 0.1.14 | 49.00 | 74.00 | 123.00 | NOTE | |
| r-oldrel-windows-x86_64 | 0.1.14 | 87.00 | 123.00 | 210.00 | NOTE |
Version: 0.1.14
Check: installed package size
Result: NOTE
installed size is 23.8Mb
sub-directories of 1Mb or more:
include 8.0Mb
jsonexamples 3.8Mb
libs 11.8Mb
Flavors: r-oldrel-macos-arm64, r-oldrel-macos-x86_64, r-oldrel-windows-x86_64