Last updated on 2025-10-24 04:51:06 CEST.
| Flavor | Version | Tinstall | Tcheck | Ttotal | Status | Flags |
|---|---|---|---|---|---|---|
| r-devel-linux-x86_64-debian-clang | 1.0.15 | 43.21 | 177.16 | 220.37 | NOTE | |
| r-devel-linux-x86_64-debian-gcc | 1.0.15 | 31.68 | 119.63 | 151.31 | OK | |
| r-devel-linux-x86_64-fedora-clang | 1.0.15 | 345.00 | 77.62 | 422.62 | OK | |
| r-devel-linux-x86_64-fedora-gcc | 1.0.15 | 81.00 | 275.62 | 356.62 | OK | |
| r-devel-windows-x86_64 | 1.0.15 | 51.00 | 232.00 | 283.00 | OK | |
| r-patched-linux-x86_64 | 1.0.15 | 50.81 | 169.08 | 219.89 | OK | |
| r-release-linux-x86_64 | 1.0.15 | 45.93 | 171.24 | 217.17 | OK | |
| r-release-macos-arm64 | 1.0.15 | 28.00 | 82.00 | 110.00 | OK | |
| r-release-macos-x86_64 | 1.0.15 | 31.00 | 153.00 | 184.00 | OK | |
| r-release-windows-x86_64 | 1.0.15 | 54.00 | 232.00 | 286.00 | OK | |
| r-oldrel-macos-arm64 | 1.0.15 | 16.00 | 73.00 | 89.00 | OK | |
| r-oldrel-macos-x86_64 | 1.0.15 | 28.00 | 141.00 | 169.00 | OK | |
| r-oldrel-windows-x86_64 | 1.0.15 | 64.00 | 284.00 | 348.00 | OK |
Version: 1.0.15
Check: top-level files
Result: NOTE
Found the following validation problem for the NEWS.Rd HTML conversion:
NEWS.html:116:1 (inst/NEWS.Rd:68): Warning: <h4> anchor "Changes-in-+E2+80+98R+E2+80+99-code+3A" already defined
NEWS.html:134:1 (inst/NEWS.Rd:79): Warning: <h4> anchor "Changes-in-+E2+80+98C+2B+2B+E2+80+99-code+3A" already defined
NEWS.html:145:1 (inst/NEWS.Rd:85): Warning: <h4> anchor "Miscellaneous-changes+3A" already defined
NEWS.html:160:1 (inst/NEWS.Rd:95): Warning: <h4> anchor "Changes-in-+E2+80+98R+E2+80+99-code+3A" already defined
NEWS.html:174:1 (inst/NEWS.Rd:102): Warning: <h4> anchor "Miscellaneous-changes+3A" already defined
NEWS.html:189:1 (inst/NEWS.Rd:112): Warning: <h4> anchor "Changes-in-documentation+3A" already defined
NEWS.html:200:1 (inst/NEWS.Rd:117): Warning: <h4> anchor "Miscellaneous-changes+3A" already defined
NEWS.html:215:1 (inst/NEWS.Rd:127): Warning: <h4> anchor "Changes-in-+E2+80+98C+2B+2B+E2+80+99-code+3A" already defined
NEWS.html:226:1 (inst/NEWS.Rd:133): Warning: <h4> anchor "Changes-in-documentation+3A" already defined
NEWS.html:237:1 (inst/NEWS.Rd:139): Warning: <h4> anchor "Miscellaneous-changes+3A" already defined
NEWS.html:258:1 (inst/NEWS.Rd:152): Warning: <h4> anchor "Changes-in-+E2+80+98R+E2+80+99-code+3A" already defined
NEWS.html:273:1 (inst/NEWS.Rd:160): Warning: <h4> anchor "Changes-in-documentation+3A" already defined
NEWS.html:290:1 (inst/NEWS.Rd:168): Warning: <h4> anchor "Miscellaneous-changes+3A" already defined
Flavor: r-devel-linux-x86_64-debian-clang