Last updated on 2025-10-24 04:51:07 CEST.
| Flavor | Version | Tinstall | Tcheck | Ttotal | Status | Flags |
|---|---|---|---|---|---|---|
| r-devel-linux-x86_64-debian-clang | 0.1.5.5 | 393.66 | 74.81 | 468.47 | OK | |
| r-devel-linux-x86_64-debian-gcc | 0.1.5.5 | 280.90 | 50.28 | 331.18 | OK | |
| r-devel-linux-x86_64-fedora-clang | 0.1.5.5 | 1140.00 | -134.14 | 1005.86 | OK | |
| r-devel-linux-x86_64-fedora-gcc | 0.1.5.5 | 446.00 | 471.73 | 917.73 | OK | |
| r-devel-windows-x86_64 | 0.1.5.5 | 473.00 | 136.00 | 609.00 | OK | |
| r-patched-linux-x86_64 | 0.1.5.5 | 434.52 | 69.06 | 503.58 | OK | |
| r-release-linux-x86_64 | 0.1.5.5 | 444.14 | 69.76 | 513.90 | OK | |
| r-release-macos-arm64 | 0.1.5.5 | 137.00 | 29.00 | 166.00 | OK | |
| r-release-macos-x86_64 | 0.1.5.5 | 152.00 | 57.00 | 209.00 | OK | |
| r-release-windows-x86_64 | 0.1.5.5 | 319.00 | 141.00 | 460.00 | OK | |
| r-oldrel-macos-arm64 | 0.1.5.5 | 134.00 | 35.00 | 169.00 | NOTE | |
| r-oldrel-macos-x86_64 | 0.1.5.5 | 140.00 | 57.00 | 197.00 | NOTE | |
| r-oldrel-windows-x86_64 | 0.1.5.5 | 611.00 | 176.00 | 787.00 | OK |
Version: 0.1.5.5
Check: installed package size
Result: NOTE
installed size is 25.8Mb
sub-directories of 1Mb or more:
libs 25.0Mb
Flavors: r-oldrel-macos-arm64, r-oldrel-macos-x86_64