Last updated on 2025-07-22 08:48:42 CEST.
Flavor | Version | Tinstall | Tcheck | Ttotal | Status | Flags |
---|---|---|---|---|---|---|
r-devel-linux-x86_64-debian-clang | 3.1.0 | 85.25 | 189.38 | 274.63 | NOTE | |
r-devel-linux-x86_64-debian-gcc | 3.1.0 | 57.62 | 135.52 | 193.14 | NOTE | |
r-devel-linux-x86_64-fedora-clang | 3.1.0 | 469.78 | OK | |||
r-devel-linux-x86_64-fedora-gcc | 3.1.0 | 421.08 | OK | |||
r-devel-windows-x86_64 | 3.1.0 | 95.00 | 200.00 | 295.00 | NOTE | |
r-patched-linux-x86_64 | 3.1.0 | 77.47 | 179.64 | 257.11 | NOTE | |
r-release-linux-x86_64 | 3.1.0 | 75.03 | 179.54 | 254.57 | NOTE | |
r-release-macos-arm64 | 3.1.0 | 106.00 | OK | |||
r-release-macos-x86_64 | 3.1.0 | 197.00 | OK | |||
r-release-windows-x86_64 | 3.1.0 | 94.00 | 202.00 | 296.00 | NOTE | |
r-oldrel-macos-arm64 | 3.1.0 | 113.00 | NOTE | |||
r-oldrel-macos-x86_64 | 3.1.0 | 166.00 | NOTE | |||
r-oldrel-windows-x86_64 | 3.1.0 | 118.00 | 251.00 | 369.00 | OK |
Version: 3.1.0
Check: Rd cross-references
Result: NOTE
Found the following Rd file(s) with Rd \link{} targets missing package
anchors:
as.funts.Rd: fd, fts, create.bspline.basis
Please provide package anchors for all Rd \link{} targets not in the
package itself and the base packages.
Flavors: r-devel-linux-x86_64-debian-clang, r-devel-linux-x86_64-debian-gcc, r-devel-windows-x86_64, r-patched-linux-x86_64, r-release-linux-x86_64, r-release-windows-x86_64
Version: 3.1.0
Check: installed package size
Result: NOTE
installed size is 7.6Mb
sub-directories of 1Mb or more:
libs 6.8Mb
Flavors: r-oldrel-macos-arm64, r-oldrel-macos-x86_64