Last updated on 2025-10-22 05:51:25 CEST.
Flavor | Version | Tinstall | Tcheck | Ttotal | Status | Flags |
---|---|---|---|---|---|---|
r-devel-linux-x86_64-debian-clang | 1.0.2 | 8.74 | 81.88 | 90.62 | NOTE | |
r-devel-linux-x86_64-debian-gcc | 1.0.2 | 6.08 | 57.40 | 63.48 | NOTE | |
r-devel-linux-x86_64-fedora-clang | 1.0.2 | 75.00 | 73.92 | 148.92 | NOTE | |
r-devel-linux-x86_64-fedora-gcc | 1.0.2 | 19.00 | 119.37 | 138.37 | NOTE | |
r-devel-windows-x86_64 | 1.0.2 | 10.00 | 84.00 | 94.00 | NOTE | |
r-patched-linux-x86_64 | 1.0.2 | 7.74 | 71.41 | 79.15 | NOTE | |
r-release-linux-x86_64 | 1.0.2 | 8.38 | 71.88 | 80.26 | NOTE | |
r-release-macos-arm64 | 1.0.2 | 3.00 | 35.00 | 38.00 | NOTE | |
r-release-macos-x86_64 | 1.0.2 | 6.00 | 68.00 | 74.00 | NOTE | |
r-release-windows-x86_64 | 1.0.2 | 10.00 | 85.00 | 95.00 | NOTE | |
r-oldrel-macos-arm64 | 1.0.2 | 3.00 | 36.00 | 39.00 | NOTE | |
r-oldrel-macos-x86_64 | 1.0.2 | 5.00 | 52.00 | 57.00 | NOTE | |
r-oldrel-windows-x86_64 | 1.0.2 | 15.00 | 110.00 | 125.00 | NOTE |
Version: 1.0.2
Check: Rd files
Result: NOTE
checkRd: (-1) iex.chart.Rd:23: Lost braces; missing escapes or markup?
23 | r takes only of of the values accepted IN API request. {"5y", "2y", "1y", "ytd", "6m", "3m", "1m", "1d"}
| ^
Flavors: r-devel-linux-x86_64-debian-clang, r-devel-linux-x86_64-debian-gcc, r-devel-linux-x86_64-fedora-clang, r-devel-linux-x86_64-fedora-gcc, r-devel-windows-x86_64, r-patched-linux-x86_64, r-release-linux-x86_64, r-release-macos-arm64, r-release-macos-x86_64, r-release-windows-x86_64, r-oldrel-macos-arm64, r-oldrel-macos-x86_64, r-oldrel-windows-x86_64