Last updated on 2025-10-22 05:51:25 CEST.
Flavor | Version | Tinstall | Tcheck | Ttotal | Status | Flags |
---|---|---|---|---|---|---|
r-devel-linux-x86_64-debian-clang | 0.0.2 | 24.31 | 79.97 | 104.28 | NOTE | |
r-devel-linux-x86_64-debian-gcc | 0.0.2 | 18.91 | 55.85 | 74.76 | NOTE | |
r-devel-linux-x86_64-fedora-clang | 0.0.2 | 172.00 | 27.82 | 199.82 | OK | |
r-devel-linux-x86_64-fedora-gcc | 0.0.2 | 59.00 | 111.89 | 170.89 | OK | |
r-devel-windows-x86_64 | 0.0.2 | 33.00 | 97.00 | 130.00 | OK | |
r-patched-linux-x86_64 | 0.0.2 | 29.48 | 74.36 | 103.84 | OK | |
r-release-linux-x86_64 | 0.0.2 | 28.74 | 75.39 | 104.13 | OK | |
r-release-macos-arm64 | 0.0.2 | 10.00 | 28.00 | 38.00 | OK | |
r-release-macos-x86_64 | 0.0.2 | 14.00 | 68.00 | 82.00 | OK | |
r-release-windows-x86_64 | 0.0.2 | 34.00 | 100.00 | 134.00 | OK | |
r-oldrel-macos-arm64 | 0.0.2 | 14.00 | 30.00 | 44.00 | OK | |
r-oldrel-macos-x86_64 | 0.0.2 | 13.00 | 44.00 | 57.00 | OK | |
r-oldrel-windows-x86_64 | 0.0.2 | 41.00 | 131.00 | 172.00 | OK |
Version: 0.0.2
Check: HTML version of manual
Result: NOTE
Found the following HTML validation problems:
helpers.html:144:1 (helpers.Rd:75): Warning: missing </ul> before </div>
Flavors: r-devel-linux-x86_64-debian-clang, r-devel-linux-x86_64-debian-gcc