Last updated on 2025-10-24 04:51:07 CEST.
| Flavor | Version | Tinstall | Tcheck | Ttotal | Status | Flags |
|---|---|---|---|---|---|---|
| r-devel-linux-x86_64-debian-clang | 1.3.5 | 1.93 | 20.41 | 22.34 | NOTE | |
| r-devel-linux-x86_64-debian-gcc | 1.3.5 | 1.44 | 17.01 | 18.45 | NOTE | |
| r-devel-linux-x86_64-fedora-clang | 1.3.5 | 14.00 | 21.46 | 35.46 | OK | |
| r-devel-linux-x86_64-fedora-gcc | 1.3.5 | 30.82 | OK | |||
| r-devel-windows-x86_64 | 1.3.5 | 2.00 | 43.00 | 45.00 | OK | |
| r-patched-linux-x86_64 | 1.3.5 | 1.91 | 19.37 | 21.28 | NOTE | |
| r-release-linux-x86_64 | 1.3.5 | 1.81 | 19.65 | 21.46 | NOTE | |
| r-release-macos-arm64 | 1.3.5 | 1.00 | 13.00 | 14.00 | OK | |
| r-release-macos-x86_64 | 1.3.5 | 2.00 | 29.00 | 31.00 | OK | |
| r-release-windows-x86_64 | 1.3.5 | 3.00 | 45.00 | 48.00 | OK | |
| r-oldrel-macos-arm64 | 1.3.5 | 1.00 | 17.00 | 18.00 | OK | |
| r-oldrel-macos-x86_64 | 1.3.5 | 2.00 | 28.00 | 30.00 | OK | |
| r-oldrel-windows-x86_64 | 1.3.5 | 4.00 | 53.00 | 57.00 | OK |
Version: 1.3.5
Check: CRAN incoming feasibility
Result: NOTE
Maintainer: ‘Henrik A. Friberg <haf@mosek.com>’
No Authors@R field in DESCRIPTION.
Please add one, modifying
Authors@R: c(person(given = "MOSEK",
family = "ApS",
role = "aut"),
person(given = c("Henrik", "A."),
family = "Friberg",
role = "cre",
email = "haf@mosek.com"))
as necessary.
Flavors: r-devel-linux-x86_64-debian-clang, r-devel-linux-x86_64-debian-gcc
Version: 1.3.5
Check: R code for possible problems
Result: NOTE
Found the following calls to attach():
File ‘Rmosek/R/builder.R’:
attach(builderenv, pos, name, warn.conflicts)
See section ‘Good practice’ in ‘?attach’.
Flavors: r-devel-linux-x86_64-debian-clang, r-devel-linux-x86_64-debian-gcc, r-patched-linux-x86_64, r-release-linux-x86_64
Version: 1.3.5
Check: Rd files
Result: NOTE
checkRd: (-1) mosek_attachbuilder.Rd:47-56: Only 2 columns allowed in this table (row 3 has 1)
checkRd: (-1) mosek_attachbuilder.Rd:47-56: Only 2 columns allowed in this table (row 6 has 1)
Flavor: r-devel-linux-x86_64-debian-gcc